Last updated on 2025-05-28 00:49:14 CEST.
Flavor | Version | Tinstall | Tcheck | Ttotal | Status | Flags |
---|---|---|---|---|---|---|
r-devel-linux-x86_64-debian-clang | 0.4.0 | 36.97 | 169.95 | 206.92 | OK | |
r-devel-linux-x86_64-debian-gcc | 0.4.0 | 23.57 | 124.25 | 147.82 | OK | |
r-devel-linux-x86_64-fedora-clang | 0.4.0 | 349.30 | OK | |||
r-devel-linux-x86_64-fedora-gcc | 0.4.0 | 321.62 | OK | |||
r-devel-windows-x86_64 | 0.4.0 | 36.00 | 188.00 | 224.00 | OK | |
r-patched-linux-x86_64 | 0.4.0 | 38.02 | 160.65 | 198.67 | OK | |
r-release-linux-x86_64 | 0.4.0 | 36.21 | 160.59 | 196.80 | OK | |
r-release-macos-arm64 | 0.4.0 | 103.00 | OK | |||
r-release-macos-x86_64 | 0.4.0 | 264.00 | OK | |||
r-release-windows-x86_64 | 0.4.0 | 35.00 | 187.00 | 222.00 | OK | |
r-oldrel-macos-arm64 | 0.4.0 | 98.00 | NOTE | |||
r-oldrel-macos-x86_64 | 0.4.0 | 328.00 | NOTE | |||
r-oldrel-windows-x86_64 | 0.4.0 | 50.00 | 235.00 | 285.00 | NOTE |
Version: 0.4.0
Check: installed package size
Result: NOTE
installed size is 9.1Mb
sub-directories of 1Mb or more:
R 2.0Mb
doc 6.4Mb
Flavors: r-oldrel-macos-arm64, r-oldrel-macos-x86_64, r-oldrel-windows-x86_64