Last updated on 2025-11-04 05:51:25 CET.
| Flavor | Version | Tinstall | Tcheck | Ttotal | Status | Flags | 
|---|---|---|---|---|---|---|
| r-devel-linux-x86_64-debian-clang | 1.1.0 | 377.43 | 491.78 | 869.21 | OK | |
| r-devel-linux-x86_64-debian-gcc | 1.1.0 | 353.98 | 396.07 | 750.05 | OK | |
| r-devel-linux-x86_64-fedora-clang | 1.1.0 | 780.00 | 636.94 | 1416.94 | OK | |
| r-devel-linux-x86_64-fedora-gcc | 1.1.0 | 1080.00 | 607.22 | 1687.22 | OK | |
| r-devel-windows-x86_64 | 1.1.0 | 452.00 | 532.00 | 984.00 | OK | |
| r-patched-linux-x86_64 | 1.1.0 | 448.59 | 541.38 | 989.97 | OK | |
| r-release-linux-x86_64 | 1.1.0 | 459.24 | 498.58 | 957.82 | OK | |
| r-release-macos-arm64 | 1.1.0 | 117.00 | 113.00 | 230.00 | OK | |
| r-release-macos-x86_64 | 1.1.0 | 147.00 | 199.00 | 346.00 | OK | |
| r-release-windows-x86_64 | 1.1.0 | 441.00 | 518.00 | 959.00 | OK | |
| r-oldrel-macos-arm64 | 1.1.0 | 146.00 | 123.00 | 269.00 | NOTE | |
| r-oldrel-macos-x86_64 | 1.1.0 | 145.00 | 253.00 | 398.00 | NOTE | |
| r-oldrel-windows-x86_64 | 1.1.0 | 506.00 | 797.00 | 1303.00 | NOTE | 
Version: 1.1.0
Check: installed package size
Result: NOTE
    installed size is 65.1Mb
    sub-directories of 1Mb or more:
      doc    1.5Mb
      help   1.4Mb
      libs  61.9Mb
Flavors: r-oldrel-macos-arm64, r-oldrel-macos-x86_64, r-oldrel-windows-x86_64
Version: 1.1.0
Check: for GNU extensions in Makefiles
Result: NOTE
  GNU make is a SystemRequirements.
Flavors: r-oldrel-macos-arm64, r-oldrel-macos-x86_64, r-oldrel-windows-x86_64