Last updated on 2025-11-03 23:50:33 CET.
| Flavor | Version | Tinstall | Tcheck | Ttotal | Status | Flags | 
|---|---|---|---|---|---|---|
| r-devel-linux-x86_64-debian-clang | 1.0.3 | 2.29 | 28.94 | 31.23 | NOTE | |
| r-devel-linux-x86_64-debian-gcc | 1.0.3 | 1.90 | 23.08 | 24.98 | NOTE | |
| r-devel-linux-x86_64-fedora-clang | 1.0.3 | 47.48 | OK | |||
| r-devel-linux-x86_64-fedora-gcc | 1.0.3 | 45.27 | OK | |||
| r-devel-windows-x86_64 | 1.0.3 | 3.00 | 49.00 | 52.00 | OK | |
| r-patched-linux-x86_64 | 1.0.3 | 2.17 | 26.43 | 28.60 | OK | |
| r-release-linux-x86_64 | 1.0.3 | 1.89 | 26.33 | 28.22 | OK | |
| r-release-macos-arm64 | 1.0.3 | 1.00 | 31.00 | 32.00 | OK | |
| r-release-macos-x86_64 | 1.0.3 | 2.00 | 31.00 | 33.00 | OK | |
| r-release-windows-x86_64 | 1.0.3 | 5.00 | 45.00 | 50.00 | OK | |
| r-oldrel-macos-arm64 | 1.0.3 | 1.00 | 17.00 | 18.00 | OK | |
| r-oldrel-macos-x86_64 | 1.0.3 | 2.00 | 25.00 | 27.00 | OK | |
| r-oldrel-windows-x86_64 | 1.0.3 | 5.00 | 58.00 | 63.00 | OK | 
Version: 1.0.3
Check: CRAN incoming feasibility
Result: NOTE
  Maintainer: ‘Paul R. Rosenbaum <rosenbaum@wharton.upenn.edu>’
  
  No Authors@R field in DESCRIPTION.
  Please add one, modifying
    Authors@R: person(given = c("Paul", "R."),
                      family = "Rosenbaum",
                      role = c("aut", "cre"),
                      email = "rosenbaum@wharton.upenn.edu")
  as necessary.
Flavors: r-devel-linux-x86_64-debian-clang, r-devel-linux-x86_64-debian-gcc