Last updated on 2025-11-04 05:51:25 CET.
| Flavor | Version | Tinstall | Tcheck | Ttotal | Status | Flags | 
|---|---|---|---|---|---|---|
| r-devel-linux-x86_64-debian-clang | 1.01 | 2.31 | 22.78 | 25.09 | NOTE | |
| r-devel-linux-x86_64-debian-gcc | 1.01 | 1.78 | 18.45 | 20.23 | NOTE | |
| r-devel-linux-x86_64-fedora-clang | 1.01 | 37.20 | OK | |||
| r-devel-linux-x86_64-fedora-gcc | 1.01 | 35.19 | OK | |||
| r-devel-windows-x86_64 | 1.01 | 3.00 | 42.00 | 45.00 | OK | |
| r-patched-linux-x86_64 | 1.01 | 2.18 | 21.80 | 23.98 | OK | |
| r-release-linux-x86_64 | 1.01 | 2.31 | 21.50 | 23.81 | OK | |
| r-release-macos-arm64 | 1.01 | 2.00 | 27.00 | 29.00 | OK | |
| r-release-macos-x86_64 | 1.01 | 3.00 | 24.00 | 27.00 | OK | |
| r-release-windows-x86_64 | 1.01 | 4.00 | 48.00 | 52.00 | OK | |
| r-oldrel-macos-arm64 | 1.01 | 1.00 | 15.00 | 16.00 | NOTE | |
| r-oldrel-macos-x86_64 | 1.01 | 2.00 | 20.00 | 22.00 | NOTE | |
| r-oldrel-windows-x86_64 | 1.01 | 5.00 | 47.00 | 52.00 | NOTE | 
Version: 1.01
Check: CRAN incoming feasibility
Result: NOTE
  Maintainer: ‘Paul R. Rosenbaum <rosenbaum@wharton.upenn.edu>’
  
  No Authors@R field in DESCRIPTION.
  Please add one, modifying
    Authors@R: c(person(given = c("Paul", "R."),
                        family = "Rosenbaum",
                        role = c("aut", "cre"),
                        email = "rosenbaum@wharton.upenn.edu"),
                 person(given = c("Dylan", "S."),
                        family = "Small",
                        role = "aut"))
  as necessary.
Flavors: r-devel-linux-x86_64-debian-clang, r-devel-linux-x86_64-debian-gcc
Version: 1.01
Check: LazyData
Result: NOTE
    'LazyData' is specified without a 'data' directory
Flavors: r-oldrel-macos-arm64, r-oldrel-macos-x86_64, r-oldrel-windows-x86_64