Last updated on 2025-11-04 11:52:43 CET.
| Flavor | Version | Tinstall | Tcheck | Ttotal | Status | Flags | 
|---|---|---|---|---|---|---|
| r-devel-linux-x86_64-debian-clang | 1.30.2 | 88.88 | 224.27 | 313.15 | OK | |
| r-devel-linux-x86_64-debian-gcc | 1.30.2 | 57.30 | 145.38 | 202.68 | OK | |
| r-devel-linux-x86_64-fedora-clang | 1.30.2 | 233.00 | 299.36 | 532.36 | OK | |
| r-devel-linux-x86_64-fedora-gcc | 1.30.2 | 167.00 | 315.49 | 482.49 | OK | |
| r-devel-windows-x86_64 | 1.30.2 | 101.00 | 238.00 | 339.00 | OK | |
| r-patched-linux-x86_64 | 1.30.2 | 90.72 | 211.14 | 301.86 | OK | |
| r-release-linux-x86_64 | 1.30.2 | 84.79 | 209.98 | 294.77 | OK | |
| r-release-macos-arm64 | 1.30.2 | 36.00 | 87.00 | 123.00 | OK | |
| r-release-macos-x86_64 | 1.30.2 | 55.00 | 214.00 | 269.00 | OK | |
| r-release-windows-x86_64 | 1.30.2 | 104.00 | 242.00 | 346.00 | OK | |
| r-oldrel-macos-arm64 | 1.30.2 | 37.00 | 93.00 | 130.00 | NOTE | |
| r-oldrel-macos-x86_64 | 1.30.2 | 62.00 | 186.00 | 248.00 | NOTE | |
| r-oldrel-windows-x86_64 | 1.30.2 | 126.00 | 319.00 | 445.00 | OK | 
Version: 1.30.2
Check: installed package size
Result: NOTE
    installed size is  5.5Mb
    sub-directories of 1Mb or more:
      R      2.3Mb
      libs   2.6Mb
Flavors: r-oldrel-macos-arm64, r-oldrel-macos-x86_64