Last updated on 2025-11-04 05:51:25 CET.
| Flavor | Version | Tinstall | Tcheck | Ttotal | Status | Flags | 
|---|---|---|---|---|---|---|
| r-devel-linux-x86_64-debian-clang | 2.4.1 | 20.25 | 164.74 | 184.99 | NOTE | |
| r-devel-linux-x86_64-debian-gcc | 2.4.1 | 15.08 | 112.53 | 127.61 | NOTE | |
| r-devel-linux-x86_64-fedora-clang | 2.4.1 | 46.00 | 236.33 | 282.33 | OK | |
| r-devel-linux-x86_64-fedora-gcc | 2.4.1 | 40.00 | 225.24 | 265.24 | OK | |
| r-devel-windows-x86_64 | 2.4.1 | 21.00 | 138.00 | 159.00 | OK | |
| r-patched-linux-x86_64 | 2.4.1 | 19.95 | 154.71 | 174.66 | OK | |
| r-release-linux-x86_64 | 2.4.1 | 18.04 | 155.08 | 173.12 | OK | |
| r-release-macos-arm64 | 2.4.1 | 8.00 | 61.00 | 69.00 | OK | |
| r-release-macos-x86_64 | 2.4.1 | 17.00 | 113.00 | 130.00 | OK | |
| r-release-windows-x86_64 | 2.4.1 | 22.00 | 145.00 | 167.00 | OK | |
| r-oldrel-macos-arm64 | 2.4.1 | 8.00 | 49.00 | 57.00 | OK | |
| r-oldrel-macos-x86_64 | 2.4.1 | 13.00 | 86.00 | 99.00 | OK | |
| r-oldrel-windows-x86_64 | 2.4.1 | 29.00 | 197.00 | 226.00 | OK | 
Version: 2.4.1
Check: CRAN incoming feasibility
Result: NOTE
  Maintainer: ‘Marko Robnik-Sikonja <marko.robnik@fri.uni-lj.si>’
  
  No Authors@R field in DESCRIPTION.
  Please add one, modifying
    Authors@R: person(given = "Marko",
                      family = "Robnik-Sikonja",
                      role = c("aut", "cre"),
                      email = "marko.robnik@fri.uni-lj.si")
  as necessary.
Flavors: r-devel-linux-x86_64-debian-clang, r-devel-linux-x86_64-debian-gcc