Last updated on 2025-11-04 11:52:42 CET.
| Flavor | Version | Tinstall | Tcheck | Ttotal | Status | Flags | 
|---|---|---|---|---|---|---|
| r-devel-linux-x86_64-debian-clang | 1.2.5 | 36.89 | 105.71 | 142.60 | NOTE | |
| r-devel-linux-x86_64-debian-gcc | 1.2.5 | 24.92 | 70.87 | 95.79 | NOTE | |
| r-devel-linux-x86_64-fedora-clang | 1.2.5 | 89.00 | 143.42 | 232.42 | OK | |
| r-devel-linux-x86_64-fedora-gcc | 1.2.5 | 66.00 | 146.50 | 212.50 | OK | |
| r-devel-windows-x86_64 | 1.2.5 | 46.00 | 128.00 | 174.00 | OK | |
| r-patched-linux-x86_64 | 1.2.5 | 36.09 | 97.89 | 133.98 | OK | |
| r-release-linux-x86_64 | 1.2.5 | 36.06 | 99.39 | 135.45 | OK | |
| r-release-macos-arm64 | 1.2.5 | 17.00 | 51.00 | 68.00 | OK | |
| r-release-macos-x86_64 | 1.2.5 | 25.00 | 106.00 | 131.00 | OK | |
| r-release-windows-x86_64 | 1.2.5 | 44.00 | 124.00 | 168.00 | OK | |
| r-oldrel-macos-arm64 | 1.2.5 | 16.00 | 41.00 | 57.00 | OK | |
| r-oldrel-macos-x86_64 | 1.2.5 | 16.00 | 59.00 | 75.00 | OK | |
| r-oldrel-windows-x86_64 | 1.2.5 | 53.00 | 163.00 | 216.00 | OK | 
Version: 1.2.5
Check: CRAN incoming feasibility
Result: NOTE
  Maintainer: ‘Rob Tibshirani <tibs@stanford.edu>’
  
  No Authors@R field in DESCRIPTION.
  Please add one, modifying
    Authors@R: c(person(given = "Ryan",
                        family = "Tibshirani",
                        role = "aut"),
                 person(given = "Rob",
                        family = "Tibshirani",
                        role = c("aut", "cre"),
                        email = "tibs@stanford.edu"),
                 person(given = "Jonathan",
                        family = "Taylor",
                        role = "aut"),
                 person(given = "Joshua",
                        family = "Loftus",
                        role = "aut"),
                 person(given = "Stephen",
                        family = "Reid",
                        role = "aut"),
                 person(given = "Jelena",
                        family = "Markovic",
                        role = "aut"))
  as necessary.
Flavors: r-devel-linux-x86_64-debian-clang, r-devel-linux-x86_64-debian-gcc