Last updated on 2025-11-03 23:50:32 CET.
| Flavor | Version | Tinstall | Tcheck | Ttotal | Status | Flags | 
|---|---|---|---|---|---|---|
| r-devel-linux-x86_64-debian-clang | 0.2.0 | 1.89 | 29.56 | 31.45 | OK | |
| r-devel-linux-x86_64-debian-gcc | 0.2.0 | 1.60 | 24.12 | 25.72 | OK | |
| r-devel-linux-x86_64-fedora-clang | 0.2.0 | 47.39 | NOTE | |||
| r-devel-linux-x86_64-fedora-gcc | 0.2.0 | 59.35 | NOTE | |||
| r-devel-windows-x86_64 | 0.2.0 | 6.00 | 47.00 | 53.00 | OK | |
| r-patched-linux-x86_64 | 0.2.0 | 2.06 | 27.26 | 29.32 | OK | |
| r-release-linux-x86_64 | 0.2.0 | 1.89 | 27.09 | 28.98 | OK | |
| r-release-macos-arm64 | 0.2.0 | 1.00 | 27.00 | 28.00 | OK | |
| r-release-macos-x86_64 | 0.2.0 | 2.00 | 44.00 | 46.00 | OK | |
| r-release-windows-x86_64 | 0.2.0 | 6.00 | 48.00 | 54.00 | OK | |
| r-oldrel-macos-arm64 | 0.2.0 | 1.00 | 26.00 | 27.00 | OK | |
| r-oldrel-macos-x86_64 | 0.2.0 | 2.00 | 37.00 | 39.00 | OK | |
| r-oldrel-windows-x86_64 | 0.2.0 | 7.00 | 56.00 | 63.00 | OK | 
Version: 0.2.0
Check: dependencies in R code
Result: NOTE
  Namespace in Imports field not imported from: ‘fansi’
    All declared Imports should be used.
Flavors: r-devel-linux-x86_64-fedora-clang, r-devel-linux-x86_64-fedora-gcc