Last updated on 2025-11-04 11:52:42 CET.
| Flavor | Version | Tinstall | Tcheck | Ttotal | Status | Flags | 
|---|---|---|---|---|---|---|
| r-devel-linux-x86_64-debian-clang | 0.1-3 | 1.82 | 23.35 | 25.17 | NOTE | |
| r-devel-linux-x86_64-debian-gcc | 0.1-3 | 1.42 | 18.98 | 20.40 | NOTE | |
| r-devel-linux-x86_64-fedora-clang | 0.1-3 | 36.36 | OK | |||
| r-devel-linux-x86_64-fedora-gcc | 0.1-3 | 48.83 | OK | |||
| r-devel-windows-x86_64 | 0.1-3 | 2.00 | 47.00 | 49.00 | OK | |
| r-patched-linux-x86_64 | 0.1-3 | 1.72 | 22.75 | 24.47 | OK | |
| r-release-linux-x86_64 | 0.1-3 | 1.76 | 22.19 | 23.95 | OK | |
| r-release-macos-arm64 | 0.1-3 | 1.00 | 36.00 | 37.00 | OK | |
| r-release-macos-x86_64 | 0.1-3 | 2.00 | 38.00 | 40.00 | OK | |
| r-release-windows-x86_64 | 0.1-3 | 3.00 | 46.00 | 49.00 | OK | |
| r-oldrel-macos-arm64 | 0.1-3 | 1.00 | 20.00 | 21.00 | OK | |
| r-oldrel-macos-x86_64 | 0.1-3 | 1.00 | 30.00 | 31.00 | OK | |
| r-oldrel-windows-x86_64 | 0.1-3 | 3.00 | 49.00 | 52.00 | OK | 
Version: 0.1-3
Check: CRAN incoming feasibility
Result: NOTE
  Maintainer: ‘Wei Qian <weiqian@stat.umn.edu>’
  
  No Authors@R field in DESCRIPTION.
  Please add one, modifying
    Authors@R: person(given = "Wei",
                      family = "Qian",
                      role = c("aut", "cre"),
                      email = "weiqian@stat.umn.edu")
  as necessary.
Flavors: r-devel-linux-x86_64-debian-clang, r-devel-linux-x86_64-debian-gcc