CRAN Package Check Results for Package scrappy

Last updated on 2025-05-27 18:50:01 CEST.

Flavor Version Tinstall Tcheck Ttotal Status Flags
r-devel-linux-x86_64-debian-clang 0.0.1 1.31 18.05 19.36 OK
r-devel-linux-x86_64-debian-gcc 0.0.1 1.45 15.16 16.61 OK
r-devel-linux-x86_64-fedora-clang 0.0.1 29.69 OK
r-devel-linux-x86_64-fedora-gcc 0.0.1 28.29 OK
r-devel-windows-x86_64 0.0.1 3.00 40.00 43.00 OK
r-patched-linux-x86_64 0.0.1 1.70 16.53 18.23 OK
r-release-linux-x86_64 0.0.1 1.72 16.57 18.29 OK
r-release-macos-arm64 0.0.1 16.00 OK
r-release-macos-x86_64 0.0.1 22.00 OK
r-release-windows-x86_64 0.0.1 3.00 39.00 42.00 OK
r-oldrel-macos-arm64 0.0.1 13.00 NOTE
r-oldrel-macos-x86_64 0.0.1 19.00 NOTE
r-oldrel-windows-x86_64 0.0.1 3.00 41.00 44.00 NOTE

Check Details

Version: 0.0.1
Check: LazyData
Result: NOTE 'LazyData' is specified without a 'data' directory Flavors: r-oldrel-macos-arm64, r-oldrel-macos-x86_64, r-oldrel-windows-x86_64

mirror server hosted at Truenetwork, Russian Federation.