CRAN Package Check Results for Package scorepeak

Last updated on 2025-07-14 00:48:37 CEST.

Flavor Version Tinstall Tcheck Ttotal Status Flags
r-devel-linux-x86_64-debian-clang 0.1.2 31.30 31.07 62.37 NOTE
r-devel-linux-x86_64-debian-gcc 0.1.2 24.02 24.98 49.00 NOTE
r-devel-linux-x86_64-fedora-clang 0.1.2 110.18 OK
r-devel-linux-x86_64-fedora-gcc 0.1.2 125.07 OK
r-devel-windows-x86_64 0.1.2 36.00 67.00 103.00 OK
r-patched-linux-x86_64 0.1.2 35.12 29.96 65.08 OK
r-release-linux-x86_64 0.1.2 32.62 29.48 62.10 OK
r-release-macos-arm64 0.1.2 47.00 OK
r-release-macos-x86_64 0.1.2 58.00 OK
r-release-windows-x86_64 0.1.2 37.00 73.00 110.00 OK
r-oldrel-macos-arm64 0.1.2 38.00 OK
r-oldrel-macos-x86_64 0.1.2 48.00 OK
r-oldrel-windows-x86_64 0.1.2 32.00 81.00 113.00 OK

Check Details

Version: 0.1.2
Check: CRAN incoming feasibility
Result: NOTE Maintainer: ‘Shota Ochi <shotaochi1990@gmail.com>’ Found the following URLs which should use \doi (with the DOI name only): File ‘ecgca102.Rd’: https://doi.org/10.13026/C2X30H Flavors: r-devel-linux-x86_64-debian-clang, r-devel-linux-x86_64-debian-gcc

mirror server hosted at Truenetwork, Russian Federation.