Last updated on 2025-11-04 05:51:24 CET.
| Flavor | Version | Tinstall | Tcheck | Ttotal | Status | Flags | 
|---|---|---|---|---|---|---|
| r-devel-linux-x86_64-debian-clang | 0.0.1.0 | 13.02 | 106.40 | 119.42 | OK | |
| r-devel-linux-x86_64-debian-gcc | 0.0.1.0 | 9.06 | 73.98 | 83.04 | OK | |
| r-devel-linux-x86_64-fedora-clang | 0.0.1.0 | 32.00 | 156.84 | 188.84 | OK | |
| r-devel-linux-x86_64-fedora-gcc | 0.0.1.0 | 31.00 | 146.74 | 177.74 | OK | |
| r-devel-windows-x86_64 | 0.0.1.0 | 16.00 | 109.00 | 125.00 | OK | |
| r-patched-linux-x86_64 | 0.0.1.0 | 12.35 | 100.38 | 112.73 | OK | |
| r-release-linux-x86_64 | 0.0.1.0 | 12.40 | 99.36 | 111.76 | OK | |
| r-release-macos-arm64 | 0.0.1.0 | 5.00 | 40.00 | 45.00 | OK | |
| r-release-macos-x86_64 | 0.0.1.0 | 10.00 | 74.00 | 84.00 | OK | |
| r-release-windows-x86_64 | 0.0.1.0 | 15.00 | 110.00 | 125.00 | OK | |
| r-oldrel-macos-arm64 | 0.0.1.0 | 5.00 | 41.00 | 46.00 | NOTE | |
| r-oldrel-macos-x86_64 | 0.0.1.0 | 8.00 | 57.00 | 65.00 | NOTE | |
| r-oldrel-windows-x86_64 | 0.0.1.0 | 21.00 | 142.00 | 163.00 | NOTE | 
Version: 0.0.1.0
Check: LazyData
Result: NOTE
    'LazyData' is specified without a 'data' directory
Flavors: r-oldrel-macos-arm64, r-oldrel-macos-x86_64, r-oldrel-windows-x86_64