Last updated on 2025-11-04 11:52:42 CET.
| Flavor | Version | Tinstall | Tcheck | Ttotal | Status | Flags | 
|---|---|---|---|---|---|---|
| r-devel-linux-x86_64-debian-clang | 1.3.0 | 56.76 | 445.45 | 502.21 | OK | |
| r-devel-linux-x86_64-debian-gcc | 1.3.0 | 39.01 | 327.59 | 366.60 | OK | |
| r-devel-linux-x86_64-fedora-clang | 1.3.0 | 179.00 | 657.92 | 836.92 | OK | |
| r-devel-linux-x86_64-fedora-gcc | 1.3.0 | 106.00 | 663.01 | 769.01 | OK | |
| r-devel-windows-x86_64 | 1.3.0 | 56.00 | 400.00 | 456.00 | OK | |
| r-patched-linux-x86_64 | 1.3.0 | 0.26 | 2.02 | 2.28 | ERROR | |
| r-release-linux-x86_64 | 1.3.0 | 48.53 | 428.05 | 476.58 | OK | |
| r-release-macos-arm64 | 1.3.0 | 24.00 | 177.00 | 201.00 | OK | |
| r-release-macos-x86_64 | 1.3.0 | 42.00 | 319.00 | 361.00 | OK | |
| r-release-windows-x86_64 | 1.3.0 | 53.00 | 398.00 | 451.00 | OK | |
| r-oldrel-macos-arm64 | 1.3.0 | 25.00 | 180.00 | 205.00 | OK | |
| r-oldrel-macos-x86_64 | 1.3.0 | 42.00 | 270.00 | 312.00 | OK | |
| r-oldrel-windows-x86_64 | 1.3.0 | 72.00 | 540.00 | 612.00 | OK | 
Version: 1.3.0
Check: package dependencies
Result: ERROR
  Packages required but not available: 'alakazam', 'shazam'
  
  See section ‘The DESCRIPTION file’ in the ‘Writing R Extensions’
  manual.
Flavor: r-patched-linux-x86_64