Last updated on 2025-05-23 12:49:39 CEST.
Flavor | Version | Tinstall | Tcheck | Ttotal | Status | Flags |
---|---|---|---|---|---|---|
r-devel-linux-x86_64-debian-clang | 1.4.6.2 | 166.00 | 73.60 | 239.60 | OK | |
r-devel-linux-x86_64-debian-gcc | 1.4.6.2 | 126.51 | 56.55 | 183.06 | OK | |
r-devel-linux-x86_64-fedora-clang | 1.4.6.2 | 460.46 | OK | |||
r-devel-linux-x86_64-fedora-gcc | 1.4.6.2 | 545.40 | OK | |||
r-devel-windows-x86_64 | 1.4.6.2 | 186.00 | 196.00 | 382.00 | OK | |
r-patched-linux-x86_64 | 1.4.6.2 | 181.08 | 72.97 | 254.05 | OK | |
r-release-linux-x86_64 | 1.4.6.2 | 181.33 | 73.00 | 254.33 | OK | |
r-release-macos-arm64 | 1.4.6.2 | 139.00 | OK | |||
r-release-macos-x86_64 | 1.4.6.2 | 148.00 | OK | |||
r-release-windows-x86_64 | 1.4.6.2 | 183.00 | 183.00 | 366.00 | OK | |
r-oldrel-macos-arm64 | 1.4.6.2 | 146.00 | NOTE | |||
r-oldrel-macos-x86_64 | 1.4.6.2 | 284.00 | NOTE | |||
r-oldrel-windows-x86_64 | 1.4.6.2 | 164.00 | 170.00 | 334.00 | OK |
Version: 1.4.6.2
Check: installed package size
Result: NOTE
installed size is 18.8Mb
sub-directories of 1Mb or more:
libs 18.2Mb
Flavors: r-oldrel-macos-arm64, r-oldrel-macos-x86_64