Last updated on 2025-11-04 11:52:42 CET.
| Flavor | Version | Tinstall | Tcheck | Ttotal | Status | Flags | 
|---|---|---|---|---|---|---|
| r-devel-linux-x86_64-debian-clang | 0.2 | 126.21 | 84.97 | 211.18 | OK | |
| r-devel-linux-x86_64-debian-gcc | 0.2 | 82.78 | 50.55 | 133.33 | OK | |
| r-devel-linux-x86_64-fedora-clang | 0.2 | 245.00 | 139.59 | 384.59 | OK | |
| r-devel-linux-x86_64-fedora-gcc | 0.2 | 264.00 | 63.58 | 327.58 | OK | |
| r-devel-windows-x86_64 | 0.2 | 143.00 | 80.00 | 223.00 | OK | |
| r-patched-linux-x86_64 | 0.2 | 132.67 | 58.51 | 191.18 | OK | |
| r-release-linux-x86_64 | 0.2 | 128.64 | 58.21 | 186.85 | OK | |
| r-release-macos-arm64 | 0.2 | 49.00 | 25.00 | 74.00 | OK | |
| r-release-macos-x86_64 | 0.2 | 47.00 | 46.00 | 93.00 | OK | |
| r-release-windows-x86_64 | 0.2 | 131.00 | 77.00 | 208.00 | OK | |
| r-oldrel-macos-arm64 | 0.2 | 45.00 | 25.00 | 70.00 | NOTE | |
| r-oldrel-macos-x86_64 | 0.2 | 48.00 | 38.00 | 86.00 | NOTE | |
| r-oldrel-windows-x86_64 | 0.2 | 165.00 | 98.00 | 263.00 | OK | 
Version: 0.2
Check: installed package size
Result: NOTE
    installed size is  8.8Mb
    sub-directories of 1Mb or more:
      libs   8.6Mb
Flavors: r-oldrel-macos-arm64, r-oldrel-macos-x86_64