Last updated on 2025-11-04 11:52:42 CET.
| Flavor | Version | Tinstall | Tcheck | Ttotal | Status | Flags | 
|---|---|---|---|---|---|---|
| r-devel-linux-x86_64-debian-clang | 0.1.0 | 6.00 | 62.37 | 68.37 | ERROR | |
| r-devel-linux-x86_64-debian-gcc | 0.1.0 | 4.17 | 45.93 | 50.10 | ERROR | |
| r-devel-linux-x86_64-fedora-clang | 0.1.0 | 15.00 | 92.84 | 107.84 | ERROR | |
| r-devel-linux-x86_64-fedora-gcc | 0.1.0 | 12.00 | 86.06 | 98.06 | ERROR | |
| r-devel-windows-x86_64 | 0.1.0 | 8.00 | 71.00 | 79.00 | ERROR | |
| r-patched-linux-x86_64 | 0.1.0 | 5.88 | 59.19 | 65.07 | ERROR | |
| r-release-linux-x86_64 | 0.1.0 | 5.29 | 59.80 | 65.09 | ERROR | |
| r-release-macos-arm64 | 0.1.0 | 2.00 | 26.00 | 28.00 | OK | |
| r-release-macos-x86_64 | 0.1.0 | 7.00 | 70.00 | 77.00 | OK | |
| r-release-windows-x86_64 | 0.1.0 | 9.00 | 68.00 | 77.00 | ERROR | |
| r-oldrel-macos-arm64 | 0.1.0 | 2.00 | 23.00 | 25.00 | NOTE | |
| r-oldrel-macos-x86_64 | 0.1.0 | 4.00 | 34.00 | 38.00 | NOTE | |
| r-oldrel-windows-x86_64 | 0.1.0 | 11.00 | 91.00 | 102.00 | ERROR | 
Version: 0.1.0
Check: tests
Result: ERROR
    Running ‘testthat.R’ [7s/7s]
  Running the tests in ‘tests/testthat.R’ failed.
  Complete output:
    > library(testthat)
    > library(scUtils)
    > 
    > test_check("scUtils")
    [ FAIL 1 | WARN 0 | SKIP 0 | PASS 32 ]
    
    ══ Failed tests ════════════════════════════════════════════════════════════════
    ── Failure ('test-plots.R:59:3'): all kinds of colnames are allowed ────────────
    p$labels not equal to list(y = "Dim2", x = "Dim1", colour = "expression").
    Attributes: < names for target but not for current >
    Attributes: < Length mismatch: comparison on first 0 components >
    Length mismatch: comparison on first 2 components
    
    [ FAIL 1 | WARN 0 | SKIP 0 | PASS 32 ]
    Error: Test failures
    Execution halted
Flavor: r-devel-linux-x86_64-debian-clang
Version: 0.1.0
Check: tests
Result: ERROR
    Running ‘testthat.R’ [5s/5s]
  Running the tests in ‘tests/testthat.R’ failed.
  Complete output:
    > library(testthat)
    > library(scUtils)
    > 
    > test_check("scUtils")
    [ FAIL 1 | WARN 0 | SKIP 0 | PASS 32 ]
    
    ══ Failed tests ════════════════════════════════════════════════════════════════
    ── Failure ('test-plots.R:59:3'): all kinds of colnames are allowed ────────────
    p$labels not equal to list(y = "Dim2", x = "Dim1", colour = "expression").
    Attributes: < names for target but not for current >
    Attributes: < Length mismatch: comparison on first 0 components >
    Length mismatch: comparison on first 2 components
    
    [ FAIL 1 | WARN 0 | SKIP 0 | PASS 32 ]
    Error: Test failures
    Execution halted
Flavor: r-devel-linux-x86_64-debian-gcc
Version: 0.1.0
Check: tests
Result: ERROR
    Running ‘testthat.R’ [11s/17s]
  Running the tests in ‘tests/testthat.R’ failed.
  Complete output:
    > library(testthat)
    > library(scUtils)
    > 
    > test_check("scUtils")
    [ FAIL 1 | WARN 0 | SKIP 0 | PASS 32 ]
    
    ══ Failed tests ════════════════════════════════════════════════════════════════
    ── Failure ('test-plots.R:59:3'): all kinds of colnames are allowed ────────────
    p$labels not equal to list(y = "Dim2", x = "Dim1", colour = "expression").
    Attributes: < names for target but not for current >
    Attributes: < Length mismatch: comparison on first 0 components >
    Length mismatch: comparison on first 2 components
    
    [ FAIL 1 | WARN 0 | SKIP 0 | PASS 32 ]
    Error: Test failures
    Execution halted
Flavor: r-devel-linux-x86_64-fedora-clang
Version: 0.1.0
Check: tests
Result: ERROR
    Running ‘testthat.R’ [10s/14s]
  Running the tests in ‘tests/testthat.R’ failed.
  Complete output:
    > library(testthat)
    > library(scUtils)
    > 
    > test_check("scUtils")
    [ FAIL 1 | WARN 0 | SKIP 0 | PASS 32 ]
    
    ══ Failed tests ════════════════════════════════════════════════════════════════
    ── Failure ('test-plots.R:59:3'): all kinds of colnames are allowed ────────────
    p$labels not equal to list(y = "Dim2", x = "Dim1", colour = "expression").
    Attributes: < names for target but not for current >
    Attributes: < Length mismatch: comparison on first 0 components >
    Length mismatch: comparison on first 2 components
    
    [ FAIL 1 | WARN 0 | SKIP 0 | PASS 32 ]
    Error: Test failures
    Execution halted
Flavor: r-devel-linux-x86_64-fedora-gcc
Version: 0.1.0
Check: tests
Result: ERROR
    Running 'testthat.R' [5s]
  Running the tests in 'tests/testthat.R' failed.
  Complete output:
    > library(testthat)
    > library(scUtils)
    > 
    > test_check("scUtils")
    [ FAIL 1 | WARN 0 | SKIP 0 | PASS 32 ]
    
    ══ Failed tests ════════════════════════════════════════════════════════════════
    ── Failure ('test-plots.R:59:3'): all kinds of colnames are allowed ────────────
    p$labels not equal to list(y = "Dim2", x = "Dim1", colour = "expression").
    Attributes: < names for target but not for current >
    Attributes: < Length mismatch: comparison on first 0 components >
    Length mismatch: comparison on first 2 components
    
    [ FAIL 1 | WARN 0 | SKIP 0 | PASS 32 ]
    Error: Test failures
    Execution halted
Flavors: r-devel-windows-x86_64, r-release-windows-x86_64
Version: 0.1.0
Check: tests
Result: ERROR
    Running ‘testthat.R’ [7s/10s]
  Running the tests in ‘tests/testthat.R’ failed.
  Complete output:
    > library(testthat)
    > library(scUtils)
    > 
    > test_check("scUtils")
    [ FAIL 1 | WARN 0 | SKIP 0 | PASS 32 ]
    
    ══ Failed tests ════════════════════════════════════════════════════════════════
    ── Failure ('test-plots.R:59:3'): all kinds of colnames are allowed ────────────
    p$labels not equal to list(y = "Dim2", x = "Dim1", colour = "expression").
    Attributes: < names for target but not for current >
    Attributes: < Length mismatch: comparison on first 0 components >
    Length mismatch: comparison on first 2 components
    
    [ FAIL 1 | WARN 0 | SKIP 0 | PASS 32 ]
    Error: Test failures
    Execution halted
Flavor: r-patched-linux-x86_64
Version: 0.1.0
Check: tests
Result: ERROR
    Running ‘testthat.R’ [7s/9s]
  Running the tests in ‘tests/testthat.R’ failed.
  Complete output:
    > library(testthat)
    > library(scUtils)
    > 
    > test_check("scUtils")
    [ FAIL 1 | WARN 0 | SKIP 0 | PASS 32 ]
    
    ══ Failed tests ════════════════════════════════════════════════════════════════
    ── Failure ('test-plots.R:59:3'): all kinds of colnames are allowed ────────────
    p$labels not equal to list(y = "Dim2", x = "Dim1", colour = "expression").
    Attributes: < names for target but not for current >
    Attributes: < Length mismatch: comparison on first 0 components >
    Length mismatch: comparison on first 2 components
    
    [ FAIL 1 | WARN 0 | SKIP 0 | PASS 32 ]
    Error: Test failures
    Execution halted
Flavor: r-release-linux-x86_64
Version: 0.1.0
Check: LazyData
Result: NOTE
    'LazyData' is specified without a 'data' directory
Flavors: r-oldrel-macos-arm64, r-oldrel-macos-x86_64, r-oldrel-windows-x86_64
Version: 0.1.0
Check: tests
Result: ERROR
    Running 'testthat.R' [8s]
  Running the tests in 'tests/testthat.R' failed.
  Complete output:
    > library(testthat)
    > library(scUtils)
    > 
    > test_check("scUtils")
    [ FAIL 1 | WARN 0 | SKIP 0 | PASS 32 ]
    
    ══ Failed tests ════════════════════════════════════════════════════════════════
    ── Failure ('test-plots.R:59:3'): all kinds of colnames are allowed ────────────
    p$labels not equal to list(y = "Dim2", x = "Dim1", colour = "expression").
    Attributes: < names for target but not for current >
    Attributes: < Length mismatch: comparison on first 0 components >
    Length mismatch: comparison on first 2 components
    
    [ FAIL 1 | WARN 0 | SKIP 0 | PASS 32 ]
    Error: Test failures
    Execution halted
Flavor: r-oldrel-windows-x86_64