Last updated on 2025-11-04 05:51:24 CET.
| Flavor | Version | Tinstall | Tcheck | Ttotal | Status | Flags | 
|---|---|---|---|---|---|---|
| r-devel-linux-x86_64-debian-clang | 0.1.3 | 65.59 | 567.32 | 632.91 | OK | |
| r-devel-linux-x86_64-debian-gcc | 0.1.3 | 46.34 | 417.09 | 463.43 | OK | |
| r-devel-linux-x86_64-fedora-clang | 0.1.3 | 309.00 | 726.03 | 1035.03 | OK | |
| r-devel-linux-x86_64-fedora-gcc | 0.1.3 | 146.00 | 798.72 | 944.72 | OK | |
| r-devel-windows-x86_64 | 0.1.3 | 72.00 | 452.00 | 524.00 | OK | |
| r-patched-linux-x86_64 | 0.1.3 | 0.29 | 2.02 | 2.31 | ERROR | |
| r-release-linux-x86_64 | 0.1.3 | 62.82 | 537.13 | 599.95 | OK | |
| r-release-macos-arm64 | 0.1.3 | 12.00 | 5.00 | 17.00 | ERROR | |
| r-release-macos-x86_64 | 0.1.3 | 7.00 | ERROR | |||
| r-release-windows-x86_64 | 0.1.3 | 65.00 | 445.00 | 510.00 | OK | |
| r-oldrel-macos-arm64 | 0.1.3 | 10.00 | ERROR | |||
| r-oldrel-macos-x86_64 | 0.1.3 | 14.00 | ERROR | |||
| r-oldrel-windows-x86_64 | 0.1.3 | 91.00 | 618.00 | 709.00 | OK | 
Version: 0.1.3
Check: package dependencies
Result: ERROR
  Package required but not available: ‘cicero’
  
  See section ‘The DESCRIPTION file’ in the ‘Writing R Extensions’
  manual.
Flavor: r-patched-linux-x86_64
Version: 0.1.3
Check: whether package can be installed
Result: ERROR
  Installation failed.
Flavor: r-release-macos-arm64
Version: 0.1.3
Check: package dependencies
Result: ERROR
  Packages required but not available: 'monocle', 'cicero'
  
  See section ‘The DESCRIPTION file’ in the ‘Writing R Extensions’
  manual.
Flavor: r-release-macos-x86_64
Version: 0.1.3
Check: package dependencies
Result: ERROR
  Packages required and available but unsuitable versions:
    'Biobase', 'BiocGenerics', 'monocle', 'cicero'
  
  See section ‘The DESCRIPTION file’ in the ‘Writing R Extensions’
  manual.
Flavor: r-oldrel-macos-arm64
Version: 0.1.3
Check: package dependencies
Result: ERROR
  Packages required but not available: 'monocle', 'cicero'
  
  Packages required and available but unsuitable versions:
    'Biobase', 'BiocGenerics'
  
  See section ‘The DESCRIPTION file’ in the ‘Writing R Extensions’
  manual.
Flavor: r-oldrel-macos-x86_64