CRAN Package Check Results for Package scISR

Last updated on 2025-07-13 00:48:40 CEST.

Flavor Version Tinstall Tcheck Ttotal Status Flags
r-devel-linux-x86_64-debian-clang 0.1.1 5.93 62.41 68.34 NOTE
r-devel-linux-x86_64-debian-gcc 0.1.1 5.43 47.67 53.10 NOTE
r-devel-linux-x86_64-fedora-clang 0.1.1 106.40 NOTE
r-devel-linux-x86_64-fedora-gcc 0.1.1 117.75 NOTE
r-devel-windows-x86_64 0.1.1 9.00 73.00 82.00 OK
r-patched-linux-x86_64 0.1.1 7.50 59.82 67.32 OK
r-release-linux-x86_64 0.1.1 7.79 58.44 66.23 OK
r-release-macos-arm64 0.1.1 38.00 OK
r-release-macos-x86_64 0.1.1 68.00 OK
r-release-windows-x86_64 0.1.1 9.00 74.00 83.00 OK
r-oldrel-macos-arm64 0.1.1 39.00 OK
r-oldrel-macos-x86_64 0.1.1 67.00 OK
r-oldrel-windows-x86_64 0.1.1 12.00 90.00 102.00 OK

Check Details

Version: 0.1.1
Check: CRAN incoming feasibility
Result: NOTE Maintainer: ‘Duc Tran <duct@nevada.unr.edu>’ Package CITATION file contains call(s) to old-style personList() or as.personList(). Please use c() on person objects instead. Package CITATION file contains call(s) to old-style citEntry(). Please use bibentry() instead. Flavors: r-devel-linux-x86_64-debian-clang, r-devel-linux-x86_64-debian-gcc

Version: 0.1.1
Check: dependencies in R code
Result: NOTE Namespace in Imports field not imported from: ‘markdown’ All declared Imports should be used. Flavors: r-devel-linux-x86_64-fedora-clang, r-devel-linux-x86_64-fedora-gcc

mirror server hosted at Truenetwork, Russian Federation.