CRAN Package Check Results for Package sbmSDP

Last updated on 2025-02-21 17:50:54 CET.

Flavor Version Tinstall Tcheck Ttotal Status Flags
r-devel-linux-x86_64-debian-clang 0.2 20.31 25.04 45.35 OK
r-devel-linux-x86_64-debian-gcc 0.2 16.86 19.89 36.75 OK
r-devel-linux-x86_64-fedora-clang 0.2 84.00 NOTE
r-devel-linux-x86_64-fedora-gcc 0.2 82.63 NOTE
r-devel-macos-arm64 0.2 27.00 OK
r-devel-macos-x86_64 0.2 42.00 OK
r-devel-windows-x86_64 0.2 23.00 65.00 88.00 OK
r-patched-linux-x86_64 0.2 22.48 24.95 47.43 OK
r-release-linux-x86_64 0.2 20.96 24.92 45.88 OK
r-release-macos-arm64 0.2 29.00 OK
r-release-macos-x86_64 0.2 37.00 OK
r-release-windows-x86_64 0.2 23.00 62.00 85.00 OK
r-oldrel-macos-arm64 0.2 29.00 OK
r-oldrel-macos-x86_64 0.2 43.00 OK
r-oldrel-windows-x86_64 0.2 29.00 70.00 99.00 OK

Check Details

Version: 0.2
Check: compiled code
Result: NOTE File ‘sbmSDP/libs/sbmSDP.so’: Found no calls to: ‘R_registerRoutines’, ‘R_useDynamicSymbols’ It is good practice to register native routines and to disable symbol search. See ‘Writing portable packages’ in the ‘Writing R Extensions’ manual. Flavors: r-devel-linux-x86_64-fedora-clang, r-devel-linux-x86_64-fedora-gcc

mirror server hosted at Truenetwork, Russian Federation.