Last updated on 2025-02-22 11:51:41 CET.
Flavor | Version | Tinstall | Tcheck | Ttotal | Status | Flags |
---|---|---|---|---|---|---|
r-devel-linux-x86_64-debian-clang | 1.1.0 | 5.17 | 47.77 | 52.94 | NOTE | |
r-devel-linux-x86_64-debian-gcc | 1.1.0 | 3.63 | 36.15 | 39.78 | NOTE | |
r-devel-linux-x86_64-fedora-clang | 1.1.0 | 85.05 | OK | |||
r-devel-linux-x86_64-fedora-gcc | 1.1.0 | 84.34 | OK | |||
r-devel-macos-arm64 | 1.1.0 | 30.00 | OK | |||
r-devel-macos-x86_64 | 1.1.0 | 53.00 | OK | |||
r-devel-windows-x86_64 | 1.1.0 | 7.00 | 69.00 | 76.00 | NOTE | |
r-patched-linux-x86_64 | 1.1.0 | 8.76 | 46.49 | 55.25 | OK | |
r-release-linux-x86_64 | 1.1.0 | 5.56 | 45.64 | 51.20 | OK | |
r-release-macos-arm64 | 1.1.0 | 25.00 | OK | |||
r-release-macos-x86_64 | 1.1.0 | 44.00 | OK | |||
r-release-windows-x86_64 | 1.1.0 | 7.00 | 72.00 | 79.00 | OK | |
r-oldrel-macos-arm64 | 1.1.0 | 28.00 | OK | |||
r-oldrel-macos-x86_64 | 1.1.0 | 45.00 | OK | |||
r-oldrel-windows-x86_64 | 1.1.0 | 8.00 | 82.00 | 90.00 | OK |
Version: 1.1.0
Check: Rd cross-references
Result: NOTE
Found the following Rd file(s) with Rd \link{} targets missing package
anchors:
crop.Rd: getpoly
isolines.Rd: convCP, PolySet
Please provide package anchors for all Rd \link{} targets not in the
package itself and the base packages.
Flavors: r-devel-linux-x86_64-debian-clang, r-devel-linux-x86_64-debian-gcc, r-devel-windows-x86_64