Last updated on 2025-07-13 18:52:56 CEST.
Flavor | Version | Tinstall | Tcheck | Ttotal | Status | Flags |
---|---|---|---|---|---|---|
r-devel-linux-x86_64-debian-clang | 0.4.10 | 172.98 | 49.53 | 222.51 | OK | |
r-devel-linux-x86_64-debian-gcc | 0.4.10 | 116.52 | 40.00 | 156.52 | OK | |
r-devel-linux-x86_64-fedora-clang | 0.4.10 | 534.42 | OK | |||
r-devel-linux-x86_64-fedora-gcc | 0.4.10 | 446.67 | OK | |||
r-devel-windows-x86_64 | 0.4.10 | 228.00 | 116.00 | 344.00 | OK | |
r-patched-linux-x86_64 | 0.4.10 | 169.67 | 49.18 | 218.85 | OK | |
r-release-linux-x86_64 | 0.4.10 | 167.81 | 48.85 | 216.66 | OK | |
r-release-macos-arm64 | 0.4.10 | 113.00 | OK | |||
r-release-macos-x86_64 | 0.4.10 | 264.00 | OK | |||
r-release-windows-x86_64 | 0.4.10 | 231.00 | 115.00 | 346.00 | OK | |
r-oldrel-macos-arm64 | 0.4.10 | 110.00 | NOTE | |||
r-oldrel-macos-x86_64 | 0.4.10 | 281.00 | NOTE | |||
r-oldrel-windows-x86_64 | 0.4.10 | 288.00 | 147.00 | 435.00 | NOTE |
Version: 0.4.10
Check: installed package size
Result: NOTE
installed size is 5.4Mb
sub-directories of 1Mb or more:
doc 1.7Mb
libs 3.3Mb
Flavors: r-oldrel-macos-arm64, r-oldrel-macos-x86_64, r-oldrel-windows-x86_64
Version: 0.4.10
Check: for GNU extensions in Makefiles
Result: NOTE
GNU make is a SystemRequirements.
Flavors: r-oldrel-macos-arm64, r-oldrel-macos-x86_64, r-oldrel-windows-x86_64