CRAN Package Check Results for Package sasfunclust

Last updated on 2025-02-21 17:50:54 CET.

Flavor Version Tinstall Tcheck Ttotal Status Flags
r-devel-linux-x86_64-debian-clang 1.0.0 28.75 152.32 181.07 NOTE
r-devel-linux-x86_64-debian-gcc 1.0.0 21.10 98.70 119.80 NOTE
r-devel-linux-x86_64-fedora-clang 1.0.0 297.18 NOTE
r-devel-linux-x86_64-fedora-gcc 1.0.0 299.33 NOTE
r-devel-macos-arm64 1.0.0 76.00 NOTE
r-devel-macos-x86_64 1.0.0 145.00 NOTE
r-devel-windows-x86_64 1.0.0 35.00 161.00 196.00 OK
r-patched-linux-x86_64 1.0.0 31.22 148.06 179.28 NOTE
r-release-linux-x86_64 1.0.0 27.40 137.62 165.02 NOTE
r-release-macos-arm64 1.0.0 66.00 NOTE
r-release-macos-x86_64 1.0.0 110.00 NOTE
r-release-windows-x86_64 1.0.0 34.00 155.00 189.00 OK
r-oldrel-macos-arm64 1.0.0 82.00 NOTE
r-oldrel-macos-x86_64 1.0.0 141.00 NOTE
r-oldrel-windows-x86_64 1.0.0 44.00 202.00 246.00 OK

Check Details

Version: 1.0.0
Check: C++ specification
Result: NOTE Specified C++11: please drop specification unless essential Flavors: r-devel-linux-x86_64-debian-clang, r-devel-linux-x86_64-debian-gcc, r-devel-linux-x86_64-fedora-clang, r-devel-linux-x86_64-fedora-gcc, r-devel-macos-arm64, r-devel-macos-x86_64, r-patched-linux-x86_64, r-release-linux-x86_64, r-release-macos-arm64, r-release-macos-x86_64, r-oldrel-macos-arm64, r-oldrel-macos-x86_64

mirror server hosted at Truenetwork, Russian Federation.