CRAN Package Check Results for Package sapevom

Last updated on 2025-05-28 06:51:38 CEST.

Flavor Version Tinstall Tcheck Ttotal Status Flags
r-devel-linux-x86_64-debian-clang 0.2.0 1.72 20.19 21.91 OK
r-devel-linux-x86_64-debian-gcc 0.2.0 1.44 16.84 18.28 OK
r-devel-linux-x86_64-fedora-clang 0.2.0 35.17 OK
r-devel-linux-x86_64-fedora-gcc 0.2.0 48.21 OK
r-devel-windows-x86_64 0.2.0 2.00 43.00 45.00 OK
r-patched-linux-x86_64 0.2.0 1.70 19.49 21.19 OK
r-release-linux-x86_64 0.2.0 1.55 19.66 21.21 OK
r-release-macos-arm64 0.2.0 23.00 OK
r-release-macos-x86_64 0.2.0 39.00 OK
r-release-windows-x86_64 0.2.0 2.00 72.00 74.00 OK
r-oldrel-macos-arm64 0.2.0 19.00 NOTE
r-oldrel-macos-x86_64 0.2.0 31.00 NOTE
r-oldrel-windows-x86_64 0.2.0 3.00 46.00 49.00 NOTE

Check Details

Version: 0.2.0
Check: LazyData
Result: NOTE 'LazyData' is specified without a 'data' directory Flavors: r-oldrel-macos-arm64, r-oldrel-macos-x86_64, r-oldrel-windows-x86_64

mirror server hosted at Truenetwork, Russian Federation.