Last updated on 2025-05-27 18:50:01 CEST.
Flavor | Version | Tinstall | Tcheck | Ttotal | Status | Flags |
---|---|---|---|---|---|---|
r-devel-linux-x86_64-debian-clang | 0.0.1 | 5.00 | 43.93 | 48.93 | NOTE | |
r-devel-linux-x86_64-debian-gcc | 0.0.1 | 3.59 | 32.55 | 36.14 | NOTE | |
r-devel-linux-x86_64-fedora-clang | 0.0.1 | 76.35 | OK | |||
r-devel-linux-x86_64-fedora-gcc | 0.0.1 | 71.73 | OK | |||
r-devel-windows-x86_64 | 0.0.1 | 8.00 | 64.00 | 72.00 | OK | |
r-patched-linux-x86_64 | 0.0.1 | 4.88 | 40.56 | 45.44 | OK | |
r-release-linux-x86_64 | 0.0.1 | 4.24 | 39.89 | 44.13 | OK | |
r-release-macos-arm64 | 0.0.1 | 24.00 | OK | |||
r-release-macos-x86_64 | 0.0.1 | 40.00 | OK | |||
r-release-windows-x86_64 | 0.0.1 | 8.00 | 84.00 | 92.00 | OK | |
r-oldrel-macos-arm64 | 0.0.1 | 25.00 | OK | |||
r-oldrel-macos-x86_64 | 0.0.1 | 35.00 | OK | |||
r-oldrel-windows-x86_64 | 0.0.1 | 8.00 | 74.00 | 82.00 | OK |
Version: 0.0.1
Check: CRAN incoming feasibility
Result: NOTE
Maintainer: ‘Murtaza Nasir <mail@murtaza.cc>’
Package CITATION file contains call(s) to old-style citEntry(). Please
use bibentry() instead.
Flavors: r-devel-linux-x86_64-debian-clang, r-devel-linux-x86_64-debian-gcc