Last updated on 2025-11-04 11:52:42 CET.
| Flavor | Version | Tinstall | Tcheck | Ttotal | Status | Flags | 
|---|---|---|---|---|---|---|
| r-devel-linux-x86_64-debian-clang | 0.0.1 | 5.34 | 54.06 | 59.40 | NOTE | |
| r-devel-linux-x86_64-debian-gcc | 0.0.1 | 4.18 | 40.44 | 44.62 | NOTE | |
| r-devel-linux-x86_64-fedora-clang | 0.0.1 | 13.00 | 77.50 | 90.50 | OK | |
| r-devel-linux-x86_64-fedora-gcc | 0.0.1 | 13.00 | 72.23 | 85.23 | OK | |
| r-devel-windows-x86_64 | 0.0.1 | 7.00 | 67.00 | 74.00 | OK | |
| r-patched-linux-x86_64 | 0.0.1 | 5.46 | 49.07 | 54.53 | OK | |
| r-release-linux-x86_64 | 0.0.1 | 5.07 | 49.34 | 54.41 | OK | |
| r-release-macos-arm64 | 0.0.1 | 2.00 | 22.00 | 24.00 | OK | |
| r-release-macos-x86_64 | 0.0.1 | 4.00 | 36.00 | 40.00 | OK | |
| r-release-windows-x86_64 | 0.0.1 | 6.00 | 66.00 | 72.00 | OK | |
| r-oldrel-macos-arm64 | 0.0.1 | 2.00 | 23.00 | 25.00 | OK | |
| r-oldrel-macos-x86_64 | 0.0.1 | 3.00 | 32.00 | 35.00 | OK | |
| r-oldrel-windows-x86_64 | 0.0.1 | 9.00 | 80.00 | 89.00 | OK | 
Version: 0.0.1
Check: CRAN incoming feasibility
Result: NOTE
  Maintainer: ‘Murtaza Nasir <mail@murtaza.cc>’
  
  Package CITATION file contains call(s) to old-style citEntry().  Please
  use bibentry() instead.
Flavors: r-devel-linux-x86_64-debian-clang, r-devel-linux-x86_64-debian-gcc