Last updated on 2025-11-04 05:51:24 CET.
| Flavor | Version | Tinstall | Tcheck | Ttotal | Status | Flags | 
|---|---|---|---|---|---|---|
| r-devel-linux-x86_64-debian-clang | 1.6 | 2.75 | 27.85 | 30.60 | NOTE | |
| r-devel-linux-x86_64-debian-gcc | 1.6 | 1.88 | 21.30 | 23.18 | NOTE | |
| r-devel-linux-x86_64-fedora-clang | 1.6 | 45.51 | OK | |||
| r-devel-linux-x86_64-fedora-gcc | 1.6 | 44.87 | OK | |||
| r-devel-windows-x86_64 | 1.6 | 4.00 | 45.00 | 49.00 | OK | |
| r-patched-linux-x86_64 | 1.6 | 2.92 | 26.61 | 29.53 | OK | |
| r-release-linux-x86_64 | 1.6 | 2.66 | 26.43 | 29.09 | OK | |
| r-release-macos-arm64 | 1.6 | 2.00 | 17.00 | 19.00 | OK | |
| r-release-macos-x86_64 | 1.6 | 2.00 | 27.00 | 29.00 | OK | |
| r-release-windows-x86_64 | 1.6 | 3.00 | 44.00 | 47.00 | OK | |
| r-oldrel-macos-arm64 | 1.6 | 1.00 | 16.00 | 17.00 | OK | |
| r-oldrel-macos-x86_64 | 1.6 | 2.00 | 24.00 | 26.00 | OK | |
| r-oldrel-windows-x86_64 | 1.6 | 4.00 | 45.00 | 49.00 | OK | 
Version: 1.6
Check: CRAN incoming feasibility
Result: NOTE
  Maintainer: ‘Atsushi Kawaguchi <kawa_a24@yahoo.co.jp>’
  
  No Authors@R field in DESCRIPTION.
  Please add one, modifying
    Authors@R: person(given = "Atsushi",
                      family = "Kawaguchi",
                      role = c("aut", "cre"),
                      email = "kawa_a24@yahoo.co.jp")
  as necessary.
Flavors: r-devel-linux-x86_64-debian-clang, r-devel-linux-x86_64-debian-gcc