Last updated on 2025-11-04 11:52:42 CET.
| Flavor | Version | Tinstall | Tcheck | Ttotal | Status | Flags | 
|---|---|---|---|---|---|---|
| r-devel-linux-x86_64-debian-clang | 0.1.0 | 57.05 | 127.78 | 184.83 | WARN | |
| r-devel-linux-x86_64-debian-gcc | 0.1.0 | 33.24 | 88.38 | 121.62 | WARN | |
| r-devel-linux-x86_64-fedora-clang | 0.1.0 | 84.00 | 218.02 | 302.02 | NOTE | |
| r-devel-linux-x86_64-fedora-gcc | 0.1.0 | 105.00 | 193.53 | 298.53 | NOTE | |
| r-devel-windows-x86_64 | 0.1.0 | 64.00 | 152.00 | 216.00 | NOTE | |
| r-patched-linux-x86_64 | 0.1.0 | 53.69 | 122.65 | 176.34 | NOTE | |
| r-release-linux-x86_64 | 0.1.0 | 50.07 | 122.46 | 172.53 | NOTE | |
| r-release-macos-arm64 | 0.1.0 | 20.00 | 66.00 | 86.00 | NOTE | |
| r-release-macos-x86_64 | 0.1.0 | 29.00 | 143.00 | 172.00 | NOTE | |
| r-release-windows-x86_64 | 0.1.0 | 59.00 | 148.00 | 207.00 | NOTE | |
| r-oldrel-macos-arm64 | 0.1.0 | 21.00 | 61.00 | 82.00 | NOTE | |
| r-oldrel-macos-x86_64 | 0.1.0 | 20.00 | 95.00 | 115.00 | NOTE | |
| r-oldrel-windows-x86_64 | 0.1.0 | 76.00 | 197.00 | 273.00 | NOTE | 
Version: 0.1.0
Check: CRAN incoming feasibility
Result: NOTE
  Maintainer: ‘Florian Lecocq <florian.lecocq@outlook.com>’
  
  Package CITATION file contains call(s) to old-style personList() or
  as.personList().  Please use c() on person objects instead.
  Package CITATION file contains call(s) to old-style citEntry().  Please
  use bibentry() instead.
  
  Found the following URLs which should use \doi (with the DOI name only):
    File ‘samurais-package.Rd’:
      https://doi.org/10.1002/widm.1298
Flavors: r-devel-linux-x86_64-debian-clang, r-devel-linux-x86_64-debian-gcc
Version: 0.1.0
Check: whether package can be installed
Result: WARN
  Found the following significant warnings:
    /home/hornik/tmp/R.check/r-devel-clang/Work/build/Packages/RcppArmadillo/include/RcppArmadillo/version/arma.h:66:17: warning: Using fallback compilation with Armadillo 14.6.3. Please consider defining -DARMA_USE_CURRENT and also removing C++11 compilation directive. See GitHub issue #475 for more. [-W#pragma-messages]
  See ‘/home/hornik/tmp/R.check/r-devel-clang/Work/PKGS/samurais.Rcheck/00install.out’ for details.
  * used C++ compiler: ‘Debian clang version 19.1.7 (7)’
Flavor: r-devel-linux-x86_64-debian-clang
Version: 0.1.0
Check: C++ specification
Result: NOTE
    Specified C++11: please drop specification unless essential
Flavors: r-devel-linux-x86_64-debian-clang, r-devel-linux-x86_64-debian-gcc, r-devel-linux-x86_64-fedora-clang, r-devel-linux-x86_64-fedora-gcc, r-devel-windows-x86_64, r-patched-linux-x86_64, r-release-linux-x86_64, r-release-macos-arm64, r-release-macos-x86_64, r-release-windows-x86_64, r-oldrel-macos-arm64, r-oldrel-macos-x86_64, r-oldrel-windows-x86_64
Version: 0.1.0
Check: Rd files
Result: NOTE
  checkRd: (-1) ModelHMMR-class.Rd:37: Lost braces; missing escapes or markup?
      37 |         class {StatHMMR}).
         |               ^
Flavors: r-devel-linux-x86_64-debian-clang, r-devel-linux-x86_64-debian-gcc, r-devel-linux-x86_64-fedora-clang, r-devel-linux-x86_64-fedora-gcc, r-devel-windows-x86_64, r-patched-linux-x86_64, r-release-linux-x86_64, r-release-macos-arm64, r-release-macos-x86_64, r-release-windows-x86_64, r-oldrel-macos-arm64, r-oldrel-macos-x86_64, r-oldrel-windows-x86_64
Version: 0.1.0
Check: whether package can be installed
Result: WARN
  Found the following significant warnings:
    /home/hornik/tmp/R.check/r-devel-gcc/Work/build/Packages/RcppArmadillo/include/RcppArmadillo/version/arma.h:66:199: note: ‘#pragma message: Using fallback compilation with Armadillo 14.6.3. Please consider defining -DARMA_USE_CURRENT and also removing C++11 compilation directive. See GitHub issue #475 for more.’
  See ‘/home/hornik/tmp/R.check/r-devel-gcc/Work/PKGS/samurais.Rcheck/00install.out’ for details.
  * used C++ compiler: ‘g++-15 (Debian 15.2.0-7) 15.2.0’
Flavor: r-devel-linux-x86_64-debian-gcc
Version: 0.1.0
Check: installed package size
Result: NOTE
    installed size is 10.0Mb
    sub-directories of 1Mb or more:
      doc    2.3Mb
      help   3.4Mb
      libs   3.8Mb
Flavors: r-oldrel-macos-arm64, r-oldrel-macos-x86_64, r-oldrel-windows-x86_64