Last updated on 2025-02-21 17:50:54 CET.
Flavor | Version | Tinstall | Tcheck | Ttotal | Status | Flags |
---|---|---|---|---|---|---|
r-devel-linux-x86_64-debian-clang | 1.0.1 | 165.69 | 118.32 | 284.01 | OK | |
r-devel-linux-x86_64-debian-gcc | 1.0.1 | 126.66 | 80.19 | 206.85 | OK | |
r-devel-linux-x86_64-fedora-clang | 1.0.1 | 543.02 | OK | |||
r-devel-linux-x86_64-fedora-gcc | 1.0.1 | 542.07 | OK | |||
r-devel-macos-arm64 | 1.0.1 | 130.00 | OK | |||
r-devel-macos-x86_64 | 1.0.1 | 193.00 | OK | |||
r-devel-windows-x86_64 | 1.0.1 | 174.00 | 159.00 | 333.00 | OK | |
r-patched-linux-x86_64 | 1.0.1 | 170.75 | 112.82 | 283.57 | OK | |
r-release-linux-x86_64 | 1.0.1 | 171.76 | 111.25 | 283.01 | OK | |
r-release-macos-arm64 | 1.0.1 | 135.00 | NOTE | |||
r-release-macos-x86_64 | 1.0.1 | 225.00 | NOTE | |||
r-release-windows-x86_64 | 1.0.1 | 177.00 | 158.00 | 335.00 | OK | |
r-oldrel-macos-arm64 | 1.0.1 | 151.00 | NOTE | |||
r-oldrel-macos-x86_64 | 1.0.1 | 247.00 | NOTE | |||
r-oldrel-windows-x86_64 | 1.0.1 | 218.00 | 221.00 | 439.00 | OK |
Version: 1.0.1
Check: installed package size
Result: NOTE
installed size is 14.9Mb
sub-directories of 1Mb or more:
libs 13.8Mb
Flavors: r-release-macos-arm64, r-release-macos-x86_64, r-oldrel-macos-arm64, r-oldrel-macos-x86_64