Last updated on 2025-11-03 17:50:02 CET.
| Flavor | Version | Tinstall | Tcheck | Ttotal | Status | Flags |
|---|---|---|---|---|---|---|
| r-devel-linux-x86_64-debian-clang | 0.2.4 | 5.92 | 46.74 | 52.66 | NOTE | |
| r-devel-linux-x86_64-debian-gcc | 0.2.4 | 4.10 | 33.61 | 37.71 | NOTE | |
| r-devel-linux-x86_64-fedora-clang | 0.2.4 | 14.00 | 61.73 | 75.73 | OK | |
| r-devel-linux-x86_64-fedora-gcc | 0.2.4 | 69.75 | OK | |||
| r-devel-windows-x86_64 | 0.2.4 | 7.00 | 59.00 | 66.00 | OK | |
| r-patched-linux-x86_64 | 0.2.4 | 5.35 | 41.30 | 46.65 | OK | |
| r-release-linux-x86_64 | 0.2.4 | 4.85 | 42.18 | 47.03 | OK | |
| r-release-macos-arm64 | 0.2.4 | 3.00 | 24.00 | 27.00 | OK | |
| r-release-macos-x86_64 | 0.2.4 | 4.00 | 41.00 | 45.00 | OK | |
| r-release-windows-x86_64 | 0.2.4 | 6.00 | 57.00 | 63.00 | OK | |
| r-oldrel-macos-arm64 | 0.2.4 | 3.00 | 26.00 | 29.00 | OK | |
| r-oldrel-macos-x86_64 | 0.2.4 | 7.00 | 54.00 | 61.00 | OK | |
| r-oldrel-windows-x86_64 | 0.2.4 | 9.00 | 72.00 | 81.00 | OK |
Version: 0.2.4
Check: CRAN incoming feasibility
Result: NOTE
Maintainer: ‘Michael Baldassaro <mbaldassaro@gmail.com>’
No Authors@R field in DESCRIPTION.
Please add one, modifying
Authors@R: person(given = "Michael",
family = "Baldassaro",
role = c("aut", "cre"),
email = "mbaldassaro@gmail.com")
as necessary.
Flavors: r-devel-linux-x86_64-debian-clang, r-devel-linux-x86_64-debian-gcc