Last updated on 2025-11-04 11:52:42 CET.
| Flavor | Version | Tinstall | Tcheck | Ttotal | Status | Flags | 
|---|---|---|---|---|---|---|
| r-devel-linux-x86_64-debian-clang | 1.2 | 8.82 | 46.99 | 55.81 | NOTE | |
| r-devel-linux-x86_64-debian-gcc | 1.2 | 6.29 | 36.09 | 42.38 | NOTE | |
| r-devel-linux-x86_64-fedora-clang | 1.2 | 19.00 | 69.07 | 88.07 | NOTE | |
| r-devel-linux-x86_64-fedora-gcc | 1.2 | 18.00 | 82.93 | 100.93 | NOTE | |
| r-devel-windows-x86_64 | 1.2 | 9.00 | 67.00 | 76.00 | NOTE | |
| r-patched-linux-x86_64 | 1.2 | 9.80 | 46.03 | 55.83 | NOTE | |
| r-release-linux-x86_64 | 1.2 | 8.73 | 45.54 | 54.27 | NOTE | |
| r-release-macos-arm64 | 1.2 | 4.00 | 39.00 | 43.00 | NOTE | |
| r-release-macos-x86_64 | 1.2 | 9.00 | 53.00 | 62.00 | NOTE | |
| r-release-windows-x86_64 | 1.2 | 8.00 | 65.00 | 73.00 | NOTE | |
| r-oldrel-macos-arm64 | 1.2 | 4.00 | 48.00 | 52.00 | OK | |
| r-oldrel-macos-x86_64 | 1.2 | 8.00 | 93.00 | 101.00 | OK | |
| r-oldrel-windows-x86_64 | 1.2 | 11.00 | 80.00 | 91.00 | OK | 
Version: 1.2
Check: DESCRIPTION meta-information
Result: NOTE
    Missing dependency on R >= 4.1.0 because package code uses the pipe
    |> or function shorthand \(...) syntax added in R 4.1.0.
    File(s) using such syntax:
      ‘class-2-differential.r’ ‘dual-apply.r’ ‘dual-math.r’
      ‘dual-summary.r’ ‘dual-test-near-equality.r’ ‘dual.r’ ‘dualFun1.Rd’
Flavors: r-devel-linux-x86_64-debian-clang, r-devel-linux-x86_64-debian-gcc, r-devel-linux-x86_64-fedora-clang, r-devel-linux-x86_64-fedora-gcc, r-devel-windows-x86_64, r-patched-linux-x86_64, r-release-linux-x86_64, r-release-macos-arm64, r-release-macos-x86_64, r-release-windows-x86_64