CRAN Package Check Results for Package sahpm

Last updated on 2025-07-13 18:52:56 CEST.

Flavor Version Tinstall Tcheck Ttotal Status Flags
r-devel-linux-x86_64-debian-clang 1.0.1 2.04 22.12 24.16 OK
r-devel-linux-x86_64-debian-gcc 1.0.1 1.55 17.35 18.90 OK
r-devel-linux-x86_64-fedora-clang 1.0.1 36.92 NOTE
r-devel-linux-x86_64-fedora-gcc 1.0.1 37.87 NOTE
r-devel-windows-x86_64 1.0.1 3.00 42.00 45.00 OK
r-patched-linux-x86_64 1.0.1 2.04 21.60 23.64 OK
r-release-linux-x86_64 1.0.1 2.01 20.96 22.97 OK
r-release-macos-arm64 1.0.1 16.00 OK
r-release-macos-x86_64 1.0.1 25.00 OK
r-release-windows-x86_64 1.0.1 3.00 45.00 48.00 OK
r-oldrel-macos-arm64 1.0.1 14.00 OK
r-oldrel-macos-x86_64 1.0.1 23.00 OK
r-oldrel-windows-x86_64 1.0.1 2.00 46.00 48.00 OK

Check Details

Version: 1.0.1
Check: dependencies in R code
Result: NOTE Namespace in Imports field not imported from: ‘mvtnorm’ All declared Imports should be used. Flavors: r-devel-linux-x86_64-fedora-clang, r-devel-linux-x86_64-fedora-gcc

mirror server hosted at Truenetwork, Russian Federation.