Last updated on 2025-11-04 11:52:42 CET.
| Flavor | Version | Tinstall | Tcheck | Ttotal | Status | Flags | 
|---|---|---|---|---|---|---|
| r-devel-linux-x86_64-debian-clang | 0.4.3 | 28.70 | 325.81 | 354.51 | NOTE | |
| r-devel-linux-x86_64-debian-gcc | 0.4.3 | 21.27 | 209.08 | 230.35 | NOTE | |
| r-devel-linux-x86_64-fedora-clang | 0.4.3 | 68.00 | 499.21 | 567.21 | OK | |
| r-devel-linux-x86_64-fedora-gcc | 0.4.3 | 61.00 | 495.81 | 556.81 | OK | |
| r-devel-windows-x86_64 | 0.4.3 | 29.00 | 251.00 | 280.00 | OK | |
| r-patched-linux-x86_64 | 0.4.3 | 27.71 | 309.73 | 337.44 | OK | |
| r-release-linux-x86_64 | 0.4.3 | 30.89 | 308.83 | 339.72 | OK | |
| r-release-macos-arm64 | 0.4.3 | 12.00 | 130.00 | 142.00 | OK | |
| r-release-macos-x86_64 | 0.4.3 | 30.00 | 281.00 | 311.00 | OK | |
| r-release-windows-x86_64 | 0.4.3 | 28.00 | 251.00 | 279.00 | OK | |
| r-oldrel-macos-arm64 | 0.4.3 | 12.00 | 115.00 | 127.00 | OK | |
| r-oldrel-macos-x86_64 | 0.4.3 | 20.00 | 266.00 | 286.00 | OK | |
| r-oldrel-windows-x86_64 | 0.4.3 | 39.00 | 353.00 | 392.00 | OK | 
Version: 0.4.3
Check: CRAN incoming feasibility
Result: NOTE
  Maintainer: ‘Jakub Nowosad <nowosad.jakub@gmail.com>’
  
  Package CITATION file contains call(s) to old-style citEntry().  Please
  use bibentry() instead.
Flavors: r-devel-linux-x86_64-debian-clang, r-devel-linux-x86_64-debian-gcc