Last updated on 2025-02-22 11:51:43 CET.
Flavor | Version | Tinstall | Tcheck | Ttotal | Status | Flags |
---|---|---|---|---|---|---|
r-devel-linux-x86_64-debian-clang | 0.1.2 | 16.22 | 113.36 | 129.58 | NOTE | |
r-devel-linux-x86_64-debian-gcc | 0.1.2 | 10.84 | 79.66 | 90.50 | NOTE | |
r-devel-linux-x86_64-fedora-clang | 0.1.2 | 196.80 | OK | |||
r-devel-linux-x86_64-fedora-gcc | 0.1.2 | 200.98 | OK | |||
r-devel-macos-arm64 | 0.1.2 | 56.00 | OK | |||
r-devel-macos-x86_64 | 0.1.2 | 99.00 | OK | |||
r-devel-windows-x86_64 | 0.1.2 | 16.00 | 121.00 | 137.00 | NOTE | |
r-patched-linux-x86_64 | 0.1.2 | 20.21 | 105.98 | 126.19 | OK | |
r-release-linux-x86_64 | 0.1.2 | 12.11 | 105.98 | 118.09 | OK | |
r-release-macos-arm64 | 0.1.2 | 57.00 | OK | |||
r-release-macos-x86_64 | 0.1.2 | 87.00 | OK | |||
r-release-windows-x86_64 | 0.1.2 | 15.00 | 122.00 | 137.00 | OK | |
r-oldrel-macos-arm64 | 0.1.2 | 61.00 | OK | |||
r-oldrel-macos-x86_64 | 0.1.2 | 127.00 | OK | |||
r-oldrel-windows-x86_64 | 0.1.2 | 22.00 | 151.00 | 173.00 | OK |
Version: 0.1.2
Check: Rd cross-references
Result: NOTE
Found the following Rd file(s) with Rd \link{} targets missing package
anchors:
evol_auc.Rd: ggplot
explore_table.Rd: flextable
probs_pred.Rd: ggplot
sMSROC_plot.Rd: plotROC
Please provide package anchors for all Rd \link{} targets not in the
package itself and the base packages.
Flavors: r-devel-linux-x86_64-debian-clang, r-devel-linux-x86_64-debian-gcc, r-devel-windows-x86_64