Last updated on 2025-11-04 11:52:42 CET.
| Flavor | Version | Tinstall | Tcheck | Ttotal | Status | Flags | 
|---|---|---|---|---|---|---|
| r-devel-linux-x86_64-debian-clang | 0.7.3.1.0 | 118.79 | 77.33 | 196.12 | OK | |
| r-devel-linux-x86_64-debian-gcc | 0.7.3.1.0 | 103.22 | 63.43 | 166.65 | OK | |
| r-devel-linux-x86_64-fedora-clang | 0.7.3.1.0 | 214.00 | 97.46 | 311.46 | OK | |
| r-devel-linux-x86_64-fedora-gcc | 0.7.3.1.0 | 309.00 | 84.15 | 393.15 | OK | |
| r-devel-windows-x86_64 | 0.7.3.1.0 | 128.00 | 142.00 | 270.00 | OK | |
| r-patched-linux-x86_64 | 0.7.3.1.0 | 150.90 | 84.51 | 235.41 | OK | |
| r-release-linux-x86_64 | 0.7.3.1.0 | 145.27 | 83.74 | 229.01 | OK | |
| r-release-macos-arm64 | 0.7.3.1.0 | 63.00 | 36.00 | 99.00 | OK | |
| r-release-macos-x86_64 | 0.7.3.1.0 | 126.00 | 72.00 | 198.00 | OK | |
| r-release-windows-x86_64 | 0.7.3.1.0 | 135.00 | 146.00 | 281.00 | OK | |
| r-oldrel-macos-arm64 | 0.7.3.1.0 | 52.00 | 39.00 | 91.00 | NOTE | |
| r-oldrel-macos-x86_64 | 0.7.3.1.0 | 126.00 | 70.00 | 196.00 | NOTE | |
| r-oldrel-windows-x86_64 | 0.7.3.1.0 | 160.00 | 173.00 | 333.00 | NOTE | 
Version: 0.7.3.1.0
Check: installed package size
Result: NOTE
    installed size is 65.4Mb
    sub-directories of 1Mb or more:
      include   5.1Mb
      libs     59.9Mb
Flavors: r-oldrel-macos-arm64, r-oldrel-macos-x86_64, r-oldrel-windows-x86_64