Last updated on 2025-11-04 11:52:42 CET.
| Flavor | Version | Tinstall | Tcheck | Ttotal | Status | Flags | 
|---|---|---|---|---|---|---|
| r-devel-linux-x86_64-debian-clang | 1.4.2 | 3.70 | 73.01 | 76.71 | NOTE | |
| r-devel-linux-x86_64-debian-gcc | 1.4.2 | 2.66 | 48.93 | 51.59 | NOTE | |
| r-devel-linux-x86_64-fedora-clang | 1.4.2 | 120.61 | OK | |||
| r-devel-linux-x86_64-fedora-gcc | 1.4.2 | 131.68 | OK | |||
| r-devel-windows-x86_64 | 1.4.2 | 4.00 | 86.00 | 90.00 | OK | |
| r-patched-linux-x86_64 | 1.4.2 | 3.74 | 68.84 | 72.58 | OK | |
| r-release-linux-x86_64 | 1.4.2 | 3.51 | 69.90 | 73.41 | OK | |
| r-release-macos-arm64 | 1.4.2 | 2.00 | 50.00 | 52.00 | OK | |
| r-release-macos-x86_64 | 1.4.2 | 3.00 | 82.00 | 85.00 | OK | |
| r-release-windows-x86_64 | 1.4.2 | 4.00 | 87.00 | 91.00 | OK | |
| r-oldrel-macos-arm64 | 1.4.2 | 2.00 | 41.00 | 43.00 | OK | |
| r-oldrel-macos-x86_64 | 1.4.2 | 3.00 | 59.00 | 62.00 | OK | |
| r-oldrel-windows-x86_64 | 1.4.2 | 6.00 | 109.00 | 115.00 | OK | 
Version: 1.4.2
Check: CRAN incoming feasibility
Result: NOTE
  Maintainer: ‘Alun Thomas <Alun.Thomas@utah.edu>’
  
  No Authors@R field in DESCRIPTION.
  Please add one, modifying
    Authors@R: person(given = "Alun",
                      family = "Thomas",
                      role = c("aut", "cre"),
                      email = "alun.thomas@utah.edu")
  as necessary.
Flavors: r-devel-linux-x86_64-debian-clang, r-devel-linux-x86_64-debian-gcc