Last updated on 2025-11-04 05:51:24 CET.
| Flavor | Version | Tinstall | Tcheck | Ttotal | Status | Flags | 
|---|---|---|---|---|---|---|
| r-devel-linux-x86_64-debian-clang | 0.3.4 | 55.50 | 201.93 | 257.43 | OK | |
| r-devel-linux-x86_64-debian-gcc | 0.3.4 | 41.28 | 146.31 | 187.59 | OK | |
| r-devel-linux-x86_64-fedora-clang | 0.3.4 | 95.00 | 327.55 | 422.55 | OK | |
| r-devel-linux-x86_64-fedora-gcc | 0.3.4 | 128.00 | 307.61 | 435.61 | OK | |
| r-devel-windows-x86_64 | 0.3.4 | 70.00 | 227.00 | 297.00 | OK | |
| r-patched-linux-x86_64 | 0.3.4 | 57.91 | 189.67 | 247.58 | OK | |
| r-release-linux-x86_64 | 0.3.4 | 61.66 | 189.37 | 251.03 | OK | |
| r-release-macos-arm64 | 0.3.4 | 22.00 | 100.00 | 122.00 | OK | |
| r-release-macos-x86_64 | 0.3.4 | 30.00 | 429.00 | 459.00 | OK | |
| r-release-windows-x86_64 | 0.3.4 | 68.00 | 221.00 | 289.00 | OK | |
| r-oldrel-macos-arm64 | 0.3.4 | 12.00 | 61.00 | 73.00 | NOTE | |
| r-oldrel-macos-x86_64 | 0.3.4 | 11.00 | 132.00 | 143.00 | NOTE | |
| r-oldrel-windows-x86_64 | 0.3.4 | 89.00 | 275.00 | 364.00 | NOTE | 
Version: 0.3.4
Check: for GNU extensions in Makefiles
Result: NOTE
  GNU make is a SystemRequirements.
Flavors: r-oldrel-macos-arm64, r-oldrel-macos-x86_64, r-oldrel-windows-x86_64