Last updated on 2025-02-22 11:51:41 CET.
Flavor | Version | Tinstall | Tcheck | Ttotal | Status | Flags |
---|---|---|---|---|---|---|
r-devel-linux-x86_64-debian-clang | 0.3.4 | 55.05 | 187.50 | 242.55 | OK | |
r-devel-linux-x86_64-debian-gcc | 0.3.4 | 41.79 | 136.18 | 177.97 | OK | |
r-devel-linux-x86_64-fedora-clang | 0.3.4 | 422.17 | OK | |||
r-devel-linux-x86_64-fedora-gcc | 0.3.4 | 420.94 | OK | |||
r-devel-macos-arm64 | 0.3.4 | 127.00 | OK | |||
r-devel-macos-x86_64 | 0.3.4 | 459.00 | OK | |||
r-devel-windows-x86_64 | 0.3.4 | 68.00 | 222.00 | 290.00 | OK | |
r-patched-linux-x86_64 | 0.3.4 | 57.75 | 177.50 | 235.25 | NOTE | |
r-release-linux-x86_64 | 0.3.4 | 52.26 | 177.19 | 229.45 | NOTE | |
r-release-macos-arm64 | 0.3.4 | 73.00 | NOTE | |||
r-release-macos-x86_64 | 0.3.4 | 143.00 | NOTE | |||
r-release-windows-x86_64 | 0.3.4 | 69.00 | 217.00 | 286.00 | NOTE | |
r-oldrel-macos-arm64 | 0.3.4 | 133.00 | NOTE | |||
r-oldrel-macos-x86_64 | 0.3.4 | 220.00 | NOTE | |||
r-oldrel-windows-x86_64 | 0.3.4 | 83.00 | 262.00 | 345.00 | NOTE |
Version: 0.3.4
Check: for GNU extensions in Makefiles
Result: NOTE
GNU make is a SystemRequirements.
Flavors: r-patched-linux-x86_64, r-release-linux-x86_64, r-release-macos-arm64, r-release-macos-x86_64, r-release-windows-x86_64, r-oldrel-macos-arm64, r-oldrel-macos-x86_64, r-oldrel-windows-x86_64