CRAN Package Check Results for Package rtlr

Last updated on 2025-05-22 18:52:18 CEST.

Flavor Version Tinstall Tcheck Ttotal Status Flags
r-devel-linux-x86_64-debian-clang 0.1.0 2.37 25.34 27.71 NOTE
r-devel-linux-x86_64-debian-gcc 0.1.0 1.70 20.16 21.86 NOTE
r-devel-linux-x86_64-fedora-clang 0.1.0 42.14 NOTE
r-devel-linux-x86_64-fedora-gcc 0.1.0 39.24 NOTE
r-devel-windows-x86_64 0.1.0 4.00 61.00 65.00 NOTE
r-patched-linux-x86_64 0.1.0 2.27 23.18 25.45 NOTE
r-release-linux-x86_64 0.1.0 2.26 23.27 25.53 NOTE
r-release-macos-arm64 0.1.0 21.00 NOTE
r-release-macos-x86_64 0.1.0 32.00 NOTE
r-release-windows-x86_64 0.1.0 4.00 71.00 75.00 NOTE
r-oldrel-macos-arm64 0.1.0 18.00 OK
r-oldrel-macos-x86_64 0.1.0 26.00 OK
r-oldrel-windows-x86_64 0.1.0 4.00 48.00 52.00 OK

Check Details

Version: 0.1.0
Check: DESCRIPTION meta-information
Result: NOTE Missing dependency on R >= 4.1.0 because package code uses the pipe |> or function shorthand \(...) syntax added in R 4.1.0. File(s) using such syntax: ‘str_rtl.Rd’ Flavors: r-devel-linux-x86_64-debian-clang, r-devel-linux-x86_64-debian-gcc, r-devel-linux-x86_64-fedora-clang, r-devel-linux-x86_64-fedora-gcc, r-devel-windows-x86_64, r-patched-linux-x86_64, r-release-linux-x86_64, r-release-macos-arm64, r-release-macos-x86_64, r-release-windows-x86_64

mirror server hosted at Truenetwork, Russian Federation.