Last updated on 2025-11-03 23:50:32 CET.
| Flavor | Version | Tinstall | Tcheck | Ttotal | Status | Flags | 
|---|---|---|---|---|---|---|
| r-devel-linux-x86_64-debian-clang | 0.0.2 | 21.46 | 157.94 | 179.40 | NOTE | |
| r-devel-linux-x86_64-debian-gcc | 0.0.2 | 18.55 | 116.01 | 134.56 | NOTE | |
| r-devel-linux-x86_64-fedora-clang | 0.0.2 | 48.00 | 225.69 | 273.69 | NOTE | |
| r-devel-linux-x86_64-fedora-gcc | 0.0.2 | 49.00 | 231.45 | 280.45 | NOTE | |
| r-devel-windows-x86_64 | 0.0.2 | 18.00 | 140.00 | 158.00 | NOTE | |
| r-patched-linux-x86_64 | 0.0.2 | 25.19 | 150.40 | 175.59 | NOTE | |
| r-release-linux-x86_64 | 0.0.2 | 23.19 | 150.66 | 173.85 | NOTE | |
| r-release-macos-arm64 | 0.0.2 | 5.00 | 58.00 | 63.00 | NOTE | |
| r-release-macos-x86_64 | 0.0.2 | 25.00 | 189.00 | 214.00 | OK | |
| r-release-windows-x86_64 | 0.0.2 | 18.00 | 139.00 | 157.00 | NOTE | |
| r-oldrel-macos-arm64 | 0.0.2 | 6.00 | 59.00 | 65.00 | OK | |
| r-oldrel-macos-x86_64 | 0.0.2 | 10.00 | 100.00 | 110.00 | OK | |
| r-oldrel-windows-x86_64 | 0.0.2 | 24.00 | 182.00 | 206.00 | OK | 
Version: 0.0.2
Check: DESCRIPTION meta-information
Result: NOTE
    Missing dependency on R >= 4.1.0 because package code uses the pipe
    |> or function shorthand \(...) syntax added in R 4.1.0.
    File(s) using such syntax:
      ‘lp.Rd’
Flavors: r-devel-linux-x86_64-debian-clang, r-devel-linux-x86_64-debian-gcc, r-devel-linux-x86_64-fedora-clang, r-devel-linux-x86_64-fedora-gcc, r-devel-windows-x86_64, r-patched-linux-x86_64, r-release-linux-x86_64, r-release-macos-arm64, r-release-windows-x86_64