Last updated on 2025-11-04 11:52:41 CET.
| Flavor | Version | Tinstall | Tcheck | Ttotal | Status | Flags | 
|---|---|---|---|---|---|---|
| r-devel-linux-x86_64-debian-clang | 1.1.3 | 1.72 | 22.34 | 24.06 | NOTE | |
| r-devel-linux-x86_64-debian-gcc | 1.1.3 | 1.46 | 19.10 | 20.56 | NOTE | |
| r-devel-linux-x86_64-fedora-clang | 1.1.3 | 33.99 | OK | |||
| r-devel-linux-x86_64-fedora-gcc | 1.1.3 | 33.89 | OK | |||
| r-devel-windows-x86_64 | 1.1.3 | 4.00 | 40.00 | 44.00 | OK | |
| r-patched-linux-x86_64 | 1.1.3 | 1.98 | 20.29 | 22.27 | OK | |
| r-release-linux-x86_64 | 1.1.3 | 1.84 | 20.56 | 22.40 | OK | |
| r-release-macos-arm64 | 1.1.3 | 1.00 | 17.00 | 18.00 | OK | |
| r-release-macos-x86_64 | 1.1.3 | 2.00 | 24.00 | 26.00 | OK | |
| r-release-windows-x86_64 | 1.1.3 | 3.00 | 39.00 | 42.00 | OK | |
| r-oldrel-macos-arm64 | 1.1.3 | 1.00 | 14.00 | 15.00 | OK | |
| r-oldrel-macos-x86_64 | 1.1.3 | 2.00 | 20.00 | 22.00 | OK | |
| r-oldrel-windows-x86_64 | 1.1.3 | 4.00 | 47.00 | 51.00 | OK | 
Version: 1.1.3
Check: CRAN incoming feasibility
Result: NOTE
  Maintainer: ‘Xuehui YANG <jianghang@bagualu.net>’
  
  No Authors@R field in DESCRIPTION.
  Please add one, modifying
    Authors@R: person(given = "Xuehui",
                      family = "YANG",
                      role = c("aut", "cre"),
                      email = "jianghang@bagualu.net")
  as necessary.
Flavors: r-devel-linux-x86_64-debian-clang, r-devel-linux-x86_64-debian-gcc