CRAN Package Check Results for Package rsnell

Last updated on 2025-05-23 12:49:38 CEST.

Flavor Version Tinstall Tcheck Ttotal Status Flags
r-devel-linux-x86_64-debian-clang 0.1 3.83 33.03 36.86 NOTE
r-devel-linux-x86_64-debian-gcc 0.1 2.66 24.95 27.61 NOTE
r-devel-linux-x86_64-fedora-clang 0.1 56.92 OK
r-devel-linux-x86_64-fedora-gcc 0.1 53.68 OK
r-devel-windows-x86_64 0.1 8.00 90.00 98.00 OK
r-patched-linux-x86_64 0.1 3.60 30.19 33.79 OK
r-release-linux-x86_64 0.1 2.36 30.02 32.38 OK
r-release-macos-arm64 0.1 21.00 OK
r-release-macos-x86_64 0.1 33.00 OK
r-release-windows-x86_64 0.1 7.00 75.00 82.00 OK
r-oldrel-macos-arm64 0.1 29.00 OK
r-oldrel-macos-x86_64 0.1 31.00 OK
r-oldrel-windows-x86_64 0.1 7.00 57.00 64.00 OK

Check Details

Version: 0.1
Check: CRAN incoming feasibility
Result: NOTE Maintainer: ‘Paul F. Petrowski <pfpetrowski@gmail.com>’ No Authors@R field in DESCRIPTION. Please add one, modifying Authors@R: person(given = c("Paul", "F."), family = "Petrowski", role = c("aut", "cre"), email = "pfpetrowski@gmail.com") as necessary. Flavors: r-devel-linux-x86_64-debian-clang, r-devel-linux-x86_64-debian-gcc

mirror server hosted at Truenetwork, Russian Federation.