Last updated on 2025-05-27 18:50:00 CEST.
Flavor | Version | Tinstall | Tcheck | Ttotal | Status | Flags |
---|---|---|---|---|---|---|
r-devel-linux-x86_64-debian-clang | 0.2.1 | 2.23 | 47.45 | 49.68 | OK | |
r-devel-linux-x86_64-debian-gcc | 0.2.1 | 1.69 | 34.51 | 36.20 | OK | |
r-devel-linux-x86_64-fedora-clang | 0.2.1 | 80.17 | OK | |||
r-devel-linux-x86_64-fedora-gcc | 0.2.1 | 89.72 | OK | |||
r-devel-windows-x86_64 | 0.2.1 | 5.00 | 64.00 | 69.00 | OK | |
r-patched-linux-x86_64 | 0.2.1 | 1.94 | 43.67 | 45.61 | OK | |
r-release-linux-x86_64 | 0.2.1 | 2.31 | 44.46 | 46.77 | OK | |
r-release-macos-arm64 | 0.2.1 | 31.00 | OK | |||
r-release-macos-x86_64 | 0.2.1 | 57.00 | OK | |||
r-release-windows-x86_64 | 0.2.1 | 4.00 | 62.00 | 66.00 | OK | |
r-oldrel-macos-arm64 | 0.2.1 | 30.00 | NOTE | |||
r-oldrel-macos-x86_64 | 0.2.1 | 48.00 | NOTE | |||
r-oldrel-windows-x86_64 | 0.2.1 | 5.00 | 75.00 | 80.00 | NOTE |
Version: 0.2.1
Check: package dependencies
Result: NOTE
Package suggested but not available for checking: ‘gurobi’
Flavors: r-oldrel-macos-arm64, r-oldrel-macos-x86_64, r-oldrel-windows-x86_64