Last updated on 2025-11-04 05:51:23 CET.
| Flavor | Version | Tinstall | Tcheck | Ttotal | Status | Flags | 
|---|---|---|---|---|---|---|
| r-devel-linux-x86_64-debian-clang | 0.9.7.3.1 | 59.12 | 86.48 | 145.60 | NOTE | |
| r-devel-linux-x86_64-debian-gcc | 0.9.7.3.1 | 36.46 | 63.34 | 99.80 | NOTE | |
| r-devel-linux-x86_64-fedora-clang | 0.9.7.3.1 | 133.00 | 123.98 | 256.98 | NOTE | |
| r-devel-linux-x86_64-fedora-gcc | 0.9.7.3.1 | 121.00 | 146.39 | 267.39 | NOTE | |
| r-devel-windows-x86_64 | 0.9.7.3.1 | 74.00 | 120.00 | 194.00 | NOTE | |
| r-patched-linux-x86_64 | 0.9.7.3.1 | 59.40 | 82.30 | 141.70 | NOTE | |
| r-release-linux-x86_64 | 0.9.7.3.1 | 59.12 | 82.09 | 141.21 | NOTE | |
| r-release-macos-arm64 | 0.9.7.3.1 | 21.00 | 42.00 | 63.00 | NOTE | |
| r-release-macos-x86_64 | 0.9.7.3.1 | 31.00 | 86.00 | 117.00 | NOTE | |
| r-release-windows-x86_64 | 0.9.7.3.1 | 71.00 | 117.00 | 188.00 | NOTE | |
| r-oldrel-macos-arm64 | 0.9.7.3.1 | 27.00 | 39.00 | 66.00 | NOTE | |
| r-oldrel-macos-x86_64 | 0.9.7.3.1 | 24.00 | 70.00 | 94.00 | NOTE | |
| r-oldrel-windows-x86_64 | 0.9.7.3.1 | 87.00 | 150.00 | 237.00 | NOTE | 
Version: 0.9.7.3.1
Check: CRAN incoming feasibility
Result: NOTE
  Maintainer: ‘Ludovik Çoba <Ludovik.Coba@inf.unibz.it>’
  
  Found the following URLs which should use \doi (with the DOI name only):
    File ‘rrecsys.Rd’:
      http://dx.doi.org/10.1109/MC.2009.263
Flavors: r-devel-linux-x86_64-debian-clang, r-devel-linux-x86_64-debian-gcc
Version: 0.9.7.3.1
Check: Rd files
Result: NOTE
  checkRd: (-1) rrecsys.Rd:72: Lost braces; missing escapes or markup?
      72 |  The average deviation rating $dev_{ij}$ between co-rated items is defined by:
         |                                    ^
  checkRd: (-1) rrecsys.Rd:76: Lost braces; missing escapes or markup?
      76 |  Where $c_{ij}$ is the number of co-ratings between items $i$ and $j$ and $r_{ui}$ is an existing rating for user $u$ on item $i$. The Weighted Slope One takes into account both, information from users who rated the same item and the number of observed ratings.
         |           ^
  checkRd: (-1) rrecsys.Rd:76: Lost braces; missing escapes or markup?
      76 |  Where $c_{ij}$ is the number of co-ratings between items $i$ and $j$ and $r_{ui}$ is an existing rating for user $u$ on item $i$. The Weighted Slope One takes into account both, information from users who rated the same item and the number of observed ratings.
         |                                                                              ^
Flavors: r-devel-linux-x86_64-debian-clang, r-devel-linux-x86_64-debian-gcc, r-devel-linux-x86_64-fedora-clang, r-devel-linux-x86_64-fedora-gcc, r-devel-windows-x86_64, r-patched-linux-x86_64, r-release-linux-x86_64, r-release-macos-arm64, r-release-macos-x86_64, r-release-windows-x86_64, r-oldrel-macos-arm64, r-oldrel-macos-x86_64, r-oldrel-windows-x86_64