CRAN Package Check Results for Package rquery

Last updated on 2025-02-22 05:51:49 CET.

Flavor Version Tinstall Tcheck Ttotal Status Flags
r-devel-linux-x86_64-debian-clang 1.4.99 9.79 92.77 102.56 NOTE
r-devel-linux-x86_64-debian-gcc 1.4.99 6.51 66.24 72.75 NOTE
r-devel-linux-x86_64-fedora-clang 1.4.99 163.92 NOTE
r-devel-linux-x86_64-fedora-gcc 1.4.99 171.52 NOTE
r-devel-macos-arm64 1.4.99 62.00 NOTE
r-devel-macos-x86_64 1.4.99 152.00 NOTE
r-devel-windows-x86_64 1.4.99 12.00 131.00 143.00 NOTE
r-patched-linux-x86_64 1.4.99 12.35 87.87 100.22 NOTE
r-release-linux-x86_64 1.4.99 10.39 85.04 95.43 NOTE
r-release-macos-arm64 1.4.99 117.00 NOTE
r-release-macos-x86_64 1.4.99 95.00 NOTE
r-release-windows-x86_64 1.4.99 12.00 122.00 134.00 NOTE
r-oldrel-macos-arm64 1.4.99 58.00 OK
r-oldrel-macos-x86_64 1.4.99 134.00 OK
r-oldrel-windows-x86_64 1.4.99 11.00 146.00 157.00 OK

Check Details

Version: 1.4.99
Check: Rd files
Result: NOTE checkRd: (-1) ex.Rd:20: Lost braces 20 | Execute a ops-dag using `code{wrap()}` data as values. | ^ checkRd: (-1) sql_node.Rd:29: Lost braces; missing escapes or markup? 29 | \item{expand_braces}{logical if TRUE use {col} notation to ensure {col} is a column name.} | ^ checkRd: (-1) sql_node.Rd:29: Lost braces; missing escapes or markup? 29 | \item{expand_braces}{logical if TRUE use {col} notation to ensure {col} is a column name.} | ^ Flavors: r-devel-linux-x86_64-debian-clang, r-devel-linux-x86_64-debian-gcc, r-devel-linux-x86_64-fedora-clang, r-devel-linux-x86_64-fedora-gcc, r-devel-macos-arm64, r-devel-macos-x86_64, r-devel-windows-x86_64, r-patched-linux-x86_64, r-release-linux-x86_64, r-release-macos-arm64, r-release-macos-x86_64, r-release-windows-x86_64

mirror server hosted at Truenetwork, Russian Federation.