Last updated on 2025-02-21 17:50:53 CET.
Flavor | Version | Tinstall | Tcheck | Ttotal | Status | Flags |
---|---|---|---|---|---|---|
r-devel-linux-x86_64-debian-clang | 1.6.5 | 79.22 | 88.13 | 167.35 | NOTE | |
r-devel-linux-x86_64-debian-gcc | 1.6.5 | 60.01 | 61.27 | 121.28 | NOTE | |
r-devel-linux-x86_64-fedora-clang | 1.6.5 | 298.46 | NOTE | |||
r-devel-linux-x86_64-fedora-gcc | 1.6.5 | 306.60 | NOTE | |||
r-devel-macos-arm64 | 1.6.5 | 70.00 | NOTE | |||
r-devel-macos-x86_64 | 1.6.5 | 127.00 | NOTE | |||
r-devel-windows-x86_64 | 1.6.5 | 88.00 | 168.00 | 256.00 | NOTE | |
r-patched-linux-x86_64 | 1.6.5 | 78.49 | 81.70 | 160.19 | NOTE | |
r-release-linux-x86_64 | 1.6.5 | 78.59 | 80.90 | 159.49 | NOTE | |
r-release-macos-arm64 | 1.6.5 | 80.00 | NOTE | |||
r-release-macos-x86_64 | 1.6.5 | 145.00 | NOTE | |||
r-release-windows-x86_64 | 1.6.5 | 91.00 | 158.00 | 249.00 | NOTE | |
r-oldrel-macos-arm64 | 1.6.5 | 89.00 | NOTE | |||
r-oldrel-macos-x86_64 | 1.6.5 | 140.00 | NOTE | |||
r-oldrel-windows-x86_64 | 1.6.5 | 109.00 | 175.00 | 284.00 | NOTE |
Version: 1.6.5
Check: C++ specification
Result: NOTE
Specified C++11: please drop specification unless essential
Flavors: r-devel-linux-x86_64-debian-clang, r-devel-linux-x86_64-debian-gcc, r-devel-linux-x86_64-fedora-clang, r-devel-linux-x86_64-fedora-gcc, r-devel-macos-arm64, r-devel-macos-x86_64, r-devel-windows-x86_64, r-patched-linux-x86_64, r-release-linux-x86_64, r-release-macos-arm64, r-release-macos-x86_64, r-release-windows-x86_64, r-oldrel-macos-arm64, r-oldrel-macos-x86_64, r-oldrel-windows-x86_64
Version: 1.6.5
Check: installed package size
Result: NOTE
installed size is 10.7Mb
sub-directories of 1Mb or more:
R 2.0Mb
data 2.7Mb
libs 5.4Mb
Flavors: r-release-macos-arm64, r-release-macos-x86_64, r-release-windows-x86_64, r-oldrel-macos-arm64, r-oldrel-macos-x86_64, r-oldrel-windows-x86_64