CRAN Package Check Results for Package roptions

Last updated on 2025-07-14 00:48:36 CEST.

Flavor Version Tinstall Tcheck Ttotal Status Flags
r-devel-linux-x86_64-debian-clang 1.0.3 7.69 56.55 64.24 OK
r-devel-linux-x86_64-debian-gcc 1.0.3 4.78 40.19 44.97 OK
r-devel-linux-x86_64-fedora-clang 1.0.3 96.79 OK
r-devel-linux-x86_64-fedora-gcc 1.0.3 98.34 OK
r-devel-windows-x86_64 1.0.3 8.00 74.00 82.00 OK
r-patched-linux-x86_64 1.0.3 7.14 51.80 58.94 OK
r-release-linux-x86_64 1.0.3 6.86 51.95 58.81 OK
r-release-macos-arm64 1.0.3 29.00 OK
r-release-macos-x86_64 1.0.3 50.00 OK
r-release-windows-x86_64 1.0.3 8.00 85.00 93.00 OK
r-oldrel-macos-arm64 1.0.3 32.00 NOTE
r-oldrel-macos-x86_64 1.0.3 42.00 NOTE
r-oldrel-windows-x86_64 1.0.3 14.00 92.00 106.00 NOTE

Check Details

Version: 1.0.3
Check: LazyData
Result: NOTE 'LazyData' is specified without a 'data' directory Flavors: r-oldrel-macos-arm64, r-oldrel-macos-x86_64, r-oldrel-windows-x86_64

mirror server hosted at Truenetwork, Russian Federation.