CRAN Package Check Results for Package roptim

Last updated on 2025-02-21 17:50:53 CET.

Flavor Version Tinstall Tcheck Ttotal Status Flags
r-devel-linux-x86_64-debian-clang 0.1.6 23.97 26.59 50.56 NOTE
r-devel-linux-x86_64-debian-gcc 0.1.6 16.98 21.30 38.28 NOTE
r-devel-linux-x86_64-fedora-clang 0.1.6 91.89 NOTE
r-devel-linux-x86_64-fedora-gcc 0.1.6 99.64 NOTE
r-devel-macos-arm64 0.1.6 37.00 NOTE
r-devel-macos-x86_64 0.1.6 59.00 NOTE
r-devel-windows-x86_64 0.1.6 26.00 70.00 96.00 NOTE
r-patched-linux-x86_64 0.1.6 24.52 25.46 49.98 NOTE
r-release-linux-x86_64 0.1.6 24.33 25.44 49.77 NOTE
r-release-macos-arm64 0.1.6 37.00 NOTE
r-release-macos-x86_64 0.1.6 50.00 NOTE
r-release-windows-x86_64 0.1.6 26.00 65.00 91.00 NOTE
r-oldrel-macos-arm64 0.1.6 35.00 NOTE
r-oldrel-macos-x86_64 0.1.6 57.00 NOTE
r-oldrel-windows-x86_64 0.1.6 31.00 71.00 102.00 NOTE

Check Details

Version: 0.1.6
Check: C++ specification
Result: NOTE Specified C++11: please drop specification unless essential Flavors: r-devel-linux-x86_64-debian-clang, r-devel-linux-x86_64-debian-gcc, r-devel-linux-x86_64-fedora-clang, r-devel-linux-x86_64-fedora-gcc, r-devel-macos-arm64, r-devel-macos-x86_64, r-devel-windows-x86_64, r-patched-linux-x86_64, r-release-linux-x86_64, r-release-macos-arm64, r-release-macos-x86_64, r-release-windows-x86_64, r-oldrel-macos-arm64, r-oldrel-macos-x86_64, r-oldrel-windows-x86_64

mirror server hosted at Truenetwork, Russian Federation.