CRAN Package Check Results for Package rocsvm.path

Last updated on 2025-02-22 11:51:41 CET.

Flavor Version Tinstall Tcheck Ttotal Status Flags
r-devel-linux-x86_64-debian-clang 0.1.0 4.53 35.58 40.11 OK
r-devel-linux-x86_64-debian-gcc 0.1.0 3.14 26.98 30.12 OK
r-devel-linux-x86_64-fedora-clang 0.1.0 61.67 OK
r-devel-linux-x86_64-fedora-gcc 0.1.0 60.01 OK
r-devel-macos-arm64 0.1.0 21.00 OK
r-devel-macos-x86_64 0.1.0 35.00 OK
r-devel-windows-x86_64 0.1.0 5.00 61.00 66.00 OK
r-patched-linux-x86_64 0.1.0 4.39 33.30 37.69 NOTE
r-release-linux-x86_64 0.1.0 3.35 33.51 36.86 NOTE
r-release-macos-arm64 0.1.0 22.00 NOTE
r-release-macos-x86_64 0.1.0 35.00 NOTE
r-release-windows-x86_64 0.1.0 4.00 51.00 55.00 NOTE
r-oldrel-macos-arm64 0.1.0 23.00 NOTE
r-oldrel-macos-x86_64 0.1.0 34.00 NOTE
r-oldrel-windows-x86_64 0.1.0 5.00 58.00 63.00 NOTE

Additional issues

donttest

Check Details

Version: 0.1.0
Check: LazyData
Result: NOTE 'LazyData' is specified without a 'data' directory Flavors: r-patched-linux-x86_64, r-release-linux-x86_64, r-release-macos-arm64, r-release-macos-x86_64, r-release-windows-x86_64, r-oldrel-macos-arm64, r-oldrel-macos-x86_64, r-oldrel-windows-x86_64

mirror server hosted at Truenetwork, Russian Federation.