Last updated on 2025-11-04 11:52:41 CET.
| Flavor | Version | Tinstall | Tcheck | Ttotal | Status | Flags | 
|---|---|---|---|---|---|---|
| r-devel-linux-x86_64-debian-clang | 1.8.157 | 13.04 | 192.86 | 205.90 | NOTE | |
| r-devel-linux-x86_64-debian-gcc | 1.8.157 | 9.62 | 139.78 | 149.40 | NOTE | |
| r-devel-linux-x86_64-fedora-clang | 1.8.157 | 23.00 | 215.08 | 238.08 | WARN | |
| r-devel-linux-x86_64-fedora-gcc | 1.8.157 | 27.00 | 212.11 | 239.11 | WARN | |
| r-devel-windows-x86_64 | 1.8.157 | 15.00 | 262.00 | 277.00 | NOTE | |
| r-patched-linux-x86_64 | 1.8.157 | 16.10 | 187.58 | 203.68 | NOTE | |
| r-release-linux-x86_64 | 1.8.157 | 14.40 | 187.20 | 201.60 | NOTE | |
| r-release-macos-arm64 | 1.8.157 | 7.00 | 113.00 | 120.00 | NOTE | |
| r-release-macos-x86_64 | 1.8.157 | 13.00 | 203.00 | 216.00 | NOTE | |
| r-release-windows-x86_64 | 1.8.157 | 16.00 | 259.00 | 275.00 | NOTE | |
| r-oldrel-macos-arm64 | 1.8.157 | 6.00 | 97.00 | 103.00 | NOTE | |
| r-oldrel-macos-x86_64 | 1.8.157 | 9.00 | 132.00 | 141.00 | NOTE | |
| r-oldrel-windows-x86_64 | 1.8.157 | 22.00 | 304.00 | 326.00 | NOTE | 
Version: 1.8.157
Check: Rd files
Result: NOTE
  checkRd: (-1) descriptiveTable.Rd:18: Lost braces
      18 | other object type that does not fail in code{model.frame(object)}.}
         |                                             ^
Flavors: r-devel-linux-x86_64-debian-clang, r-devel-linux-x86_64-debian-gcc, r-devel-linux-x86_64-fedora-clang, r-devel-linux-x86_64-fedora-gcc, r-devel-windows-x86_64, r-patched-linux-x86_64, r-release-linux-x86_64, r-release-macos-arm64, r-release-macos-x86_64, r-release-windows-x86_64, r-oldrel-macos-arm64, r-oldrel-macos-x86_64, r-oldrel-windows-x86_64
Version: 1.8.157
Check: re-building of vignette outputs
Result: WARN
  Error(s) in re-building vignettes:
  --- re-building ‘Rchaeology.Rnw’ using Sweave
  Error: processing vignette 'Rchaeology.Rnw' failed with diagnostics:
  Running 'texi2dvi' on 'Rchaeology.tex' failed.
  LaTeX errors:
  ! Package Listings Error: Extra \endSinput.
  
  See the Listings package documentation for explanation.
  Type  H <return>  for immediate help.
   ...                                              
  ! Emergency stop.
   ...                                              
                                                    
  l.275 \end{Sinput}
                    
  !  ==> Fatal error occurred, no output PDF file produced!
  --- failed re-building 'Rchaeology.Rnw'
  
  --- re-building ‘Rstyle.Rnw’ using Sweave
  Error: processing vignette 'Rstyle.Rnw' failed with diagnostics:
  Running 'texi2dvi' on 'Rstyle.tex' failed.
  LaTeX errors:
  ! Package Listings Error: Extra \endSinput.
  
  See the Listings package documentation for explanation.
  Type  H <return>  for immediate help.
   ...                                              
  ! Emergency stop.
   ...                                              
                                                    
  l.873 \end{Sinput}
                    
  !  ==> Fatal error occurred, no output PDF file produced!
  --- failed re-building 'Rstyle.Rnw'
  
  --- re-building ‘outreg.Rnw’ using Sweave
  Loading required package: car
  Loading required package: carData
  Error: processing vignette 'outreg.Rnw' failed with diagnostics:
  Running 'texi2dvi' on 'outreg.tex' failed.
  LaTeX errors:
  ! Missing $ inserted.
  <inserted text> 
                  $
  l.631 ... 5 * rnorm(100) + 3 * dat$x1 + 4 * dat$x2
                                                    
  ! Emergency stop.
  <inserted text> 
                  $
  l.631 ... 5 * rnorm(100) + 3 * dat$x1 + 4 * dat$x2
                                                    
  !  ==> Fatal error occurred, no output PDF file produced!
  --- failed re-building ‘outreg.Rnw’
  
  --- re-building ‘rockchalk.Rnw’ using Sweave
  Warning in formula.character(object, env = baseenv()) :
    Using formula(x) is deprecated when x is a character vector of length > 1.
    Consider formula(paste(x, collapse = " ")) instead.
  Error: processing vignette 'rockchalk.Rnw' failed with diagnostics:
  Running 'texi2dvi' on 'rockchalk.tex' failed.
  LaTeX errors:
  ! Package Listings Error: Extra \endSinput.
  
  See the Listings package documentation for explanation.
  Type  H <return>  for immediate help.
   ...                                              
  ! Emergency stop.
   ...                                              
                                                    
  l.189 \end{Sinput}
                    
  !  ==> Fatal error occurred, no output PDF file produced!
  --- failed re-building 'rockchalk.Rnw'
  
  SUMMARY: processing the following files failed:
    ‘Rchaeology.Rnw’ ‘Rstyle.Rnw’ ‘outreg.Rnw’ ‘rockchalk.Rnw’
  
  Error: Vignette re-building failed.
  Execution halted
Flavors: r-devel-linux-x86_64-fedora-clang, r-devel-linux-x86_64-fedora-gcc