Last updated on 2025-11-04 05:51:23 CET.
| Flavor | Version | Tinstall | Tcheck | Ttotal | Status | Flags | 
|---|---|---|---|---|---|---|
| r-devel-linux-x86_64-debian-clang | 0.2.6 | 4.63 | 28.39 | 33.02 | OK | |
| r-devel-linux-x86_64-debian-gcc | 0.2.6 | 4.20 | 23.51 | 27.71 | OK | |
| r-devel-linux-x86_64-fedora-clang | 0.2.6 | 11.00 | 38.45 | 49.45 | NOTE | |
| r-devel-linux-x86_64-fedora-gcc | 0.2.6 | 12.00 | 51.11 | 63.11 | NOTE | |
| r-devel-windows-x86_64 | 0.2.6 | 8.00 | 47.00 | 55.00 | OK | |
| r-patched-linux-x86_64 | 0.2.6 | 4.31 | 25.52 | 29.83 | OK | |
| r-release-linux-x86_64 | 0.2.6 | 4.22 | 25.73 | 29.95 | OK | |
| r-release-macos-arm64 | 0.2.6 | 8.00 | 30.00 | 38.00 | OK | |
| r-release-macos-x86_64 | 0.2.6 | 13.00 | 43.00 | 56.00 | OK | |
| r-release-windows-x86_64 | 0.2.6 | 9.00 | 46.00 | 55.00 | OK | |
| r-oldrel-macos-arm64 | 0.2.6 | 7.00 | 22.00 | 29.00 | OK | |
| r-oldrel-macos-x86_64 | 0.2.6 | 8.00 | 37.00 | 45.00 | OK | |
| r-oldrel-windows-x86_64 | 0.2.6 | 10.00 | 54.00 | 64.00 | OK | 
Version: 0.2.6
Check: compiled code
Result: NOTE
  File ‘rnetcarto/libs/rnetcarto.so’:
    Found no calls to: ‘R_registerRoutines’, ‘R_useDynamicSymbols’
  
  It is good practice to register native routines and to disable symbol
  search.
  
  See ‘Writing portable packages’ in the ‘Writing R Extensions’ manual.
Flavors: r-devel-linux-x86_64-fedora-clang, r-devel-linux-x86_64-fedora-gcc