CRAN Package Check Results for Package rneos

Last updated on 2025-02-21 17:50:53 CET.

Flavor Version Tinstall Tcheck Ttotal Status Flags
r-devel-linux-x86_64-debian-clang 0.4-0 4.78 37.14 41.92 NOTE
r-devel-linux-x86_64-debian-gcc 0.4-0 3.63 28.09 31.72 NOTE
r-devel-linux-x86_64-fedora-clang 0.4-0 66.26 NOTE
r-devel-linux-x86_64-fedora-gcc 0.4-0 63.48 NOTE
r-devel-macos-arm64 0.4-0 23.00 NOTE
r-devel-macos-x86_64 0.4-0 39.00 NOTE
r-devel-windows-x86_64 0.4-0 6.00 60.00 66.00 NOTE
r-patched-linux-x86_64 0.4-0 5.65 35.15 40.80 NOTE
r-release-linux-x86_64 0.4-0 4.39 35.17 39.56 NOTE
r-release-macos-arm64 0.4-0 27.00 NOTE
r-release-macos-x86_64 0.4-0 35.00 NOTE
r-release-windows-x86_64 0.4-0 7.00 59.00 66.00 NOTE
r-oldrel-macos-arm64 0.4-0 23.00 NOTE
r-oldrel-macos-x86_64 0.4-0 33.00 NOTE
r-oldrel-windows-x86_64 0.4-0 6.00 67.00 73.00 NOTE

Check Details

Version: 0.4-0
Check: Rd files
Result: NOTE checkRd: (-1) NlistServersInCategory.Rd:11: Escaped LaTeX specials: \_ Flavors: r-devel-linux-x86_64-debian-clang, r-devel-linux-x86_64-debian-gcc, r-devel-linux-x86_64-fedora-clang, r-devel-linux-x86_64-fedora-gcc, r-devel-macos-arm64, r-devel-macos-x86_64, r-devel-windows-x86_64, r-patched-linux-x86_64, r-release-linux-x86_64, r-release-macos-arm64, r-release-macos-x86_64, r-release-windows-x86_64, r-oldrel-macos-arm64, r-oldrel-macos-x86_64, r-oldrel-windows-x86_64

mirror server hosted at Truenetwork, Russian Federation.