Last updated on 2025-11-03 17:50:01 CET.
| Flavor | Version | Tinstall | Tcheck | Ttotal | Status | Flags |
|---|---|---|---|---|---|---|
| r-devel-linux-x86_64-debian-clang | 0.1.5 | 9.68 | 67.59 | 77.27 | NOTE | |
| r-devel-linux-x86_64-debian-gcc | 0.1.5 | 5.78 | 50.75 | 56.53 | NOTE | |
| r-devel-linux-x86_64-fedora-clang | 0.1.5 | 19.00 | 100.71 | 119.71 | OK | |
| r-devel-linux-x86_64-fedora-gcc | 0.1.5 | 19.00 | 93.22 | 112.22 | OK | |
| r-devel-windows-x86_64 | 0.1.5 | 10.00 | 72.00 | 82.00 | OK | |
| r-patched-linux-x86_64 | 0.1.5 | 8.47 | 63.85 | 72.32 | OK | |
| r-release-linux-x86_64 | 0.1.5 | 9.06 | 63.44 | 72.50 | OK | |
| r-release-macos-arm64 | 0.1.5 | 4.00 | 31.00 | 35.00 | OK | |
| r-release-macos-x86_64 | 0.1.5 | 7.00 | 56.00 | 63.00 | OK | |
| r-release-windows-x86_64 | 0.1.5 | 10.00 | 70.00 | 80.00 | OK | |
| r-oldrel-macos-arm64 | 0.1.5 | 4.00 | 29.00 | 33.00 | OK | |
| r-oldrel-macos-x86_64 | 0.1.5 | 9.00 | 49.00 | 58.00 | OK | |
| r-oldrel-windows-x86_64 | 0.1.5 | 14.00 | 90.00 | 104.00 | OK |
Version: 0.1.5
Check: CRAN incoming feasibility
Result: NOTE
Maintainer: ‘Kentaro Ueno <ueno_kentaro@kuhp.kyoto-u.ac.jp>’
No Authors@R field in DESCRIPTION.
Please add one, modifying
Authors@R: person(given = "Kentaro",
family = "Ueno",
role = c("aut", "cre"),
email = "ueno_kentaro@kuhp.kyoto-u.ac.jp")
as necessary.
Flavors: r-devel-linux-x86_64-debian-clang, r-devel-linux-x86_64-debian-gcc